{"id":909,"date":"2016-10-06T07:11:58","date_gmt":"2016-10-06T07:11:58","guid":{"rendered":"https:\/\/santaanaalcoiweb.wordpress.com\/?page_id=909"},"modified":"2026-03-14T10:37:52","modified_gmt":"2026-03-14T09:37:52","slug":"lema-curso-2223","status":"publish","type":"page","link":"https:\/\/www.santaanaalcoi.es\/?page_id=909","title":{"rendered":"\u00bfQuieres trabajar con nosotros?"},"content":{"rendered":"<div class=\"wp-block-image\">\n<figure class=\"aligncenter size-large is-resized\"><img loading=\"lazy\" decoding=\"async\" width=\"1024\" height=\"576\" src=\"https:\/\/www.santaanaalcoi.es\/wp-content\/uploads\/2026\/02\/grupo-santa-ana-1024x576.jpg\" alt=\"\" class=\"wp-image-4827\" style=\"width:366px;height:auto\" srcset=\"https:\/\/www.santaanaalcoi.es\/wp-content\/uploads\/2026\/02\/grupo-santa-ana-1024x576.jpg 1024w, https:\/\/www.santaanaalcoi.es\/wp-content\/uploads\/2026\/02\/grupo-santa-ana-300x169.jpg 300w, https:\/\/www.santaanaalcoi.es\/wp-content\/uploads\/2026\/02\/grupo-santa-ana-768x432.jpg 768w, https:\/\/www.santaanaalcoi.es\/wp-content\/uploads\/2026\/02\/grupo-santa-ana-1536x864.jpg 1536w, https:\/\/www.santaanaalcoi.es\/wp-content\/uploads\/2026\/02\/grupo-santa-ana-2048x1152.jpg 2048w, https:\/\/www.santaanaalcoi.es\/wp-content\/uploads\/2026\/02\/grupo-santa-ana-533x300.jpg 533w\" sizes=\"auto, (max-width: 1024px) 100vw, 1024px\" \/><\/figure>\n<\/div>\n\n\n<h1 class=\"wp-block-heading\"><\/h1>\n\n\n<p>En este apartado publicaremos las ofertas laborales que surjan pero si quieres, d\u00e9janos tu curr\u00edculum\u00a0 rellenando el siguiente formulario: <a href=\"https:\/\/goo.gl\/forms\/5wkhhzMLqtnYSUUR2\"><strong>FORMULARIO<\/strong><\/a><\/p>\n<p><strong>Mi\u00e9rcoles 11 de marzo de 2025<\/strong><\/p>\n<ul>\n<li>VACANTE de profesor\/a de ESO con titulaci\u00f3n en Geograf\u00eda e Historia\/Capacitaci\u00f3 en valenci\u00e0 (a media jornada)<\/li>\n<\/ul>\n<p><strong>Lunes 1 de diciembre de 2025<\/strong> (vacante cubierta)<\/p>\n<ul>\n<li>VACANTE de profesor\/a de ESO con perfil cient\u00edfico (Jornada completa)<\/li>\n<\/ul>\n<p><strong>Lunes 6 de octubre de 2025<\/strong><em> (vacante cubierta)<\/em><\/p>\n<ul>\n<li><strong>VACANTE<\/strong> de profesor de M\u00fasica para Primaria con C1 en Valenci\u00e0 o Capacitaci\u00f3 (18 horas semanales)<\/li>\n<\/ul>\n<p><strong>Lunes 18 de julio de 2025 <\/strong><em>(vacante cubierta)<\/em><\/p>\n<ul>\n<li><strong>VACANTE<\/strong> de profesor de ESO, especialista en M\u00fasica con B2-C1 en Ingl\u00e9s (6 horas semanales)<\/li>\n<\/ul>\n<p><strong>Jueves 1 de enero de 2024 <\/strong><em>(vacante cubierta)<\/em><\/p>\n<ul>\n<li><strong>VACANTE<\/strong>\u00a0de maestro\/a de primaria con menci\u00f3n en M\u00fasica o especialidad de M\u00fasica + capacitaci\u00f3n en valenci\u00e0.<\/li>\n<\/ul>\n<p><strong>Martes 9 de julio de 2024 <\/strong><em>(vacantes cubiertas)<\/em><\/p>\n<ul>\n<li><strong>VACANTE<\/strong>\u00a0Profesor\/a de m\u00fasica en ESO (6 horas).<\/li>\n<li><strong>VACANTE<\/strong>\u00a0Maestro\/a de primaria (18\u20195 horas).<\/li>\n<li><strong>VACANTE\u00a0<\/strong>Especialista de Audici\u00f3n y Lenguaje (11 horas).<\/li>\n<\/ul>\n\n\n<p><\/p>\n","protected":false},"excerpt":{"rendered":"<p>En este apartado publicaremos las ofertas laborales que surjan pero si quieres, d\u00e9janos tu curr\u00edculum\u00a0 rellenando el siguiente formulario: FORMULARIO Mi\u00e9rcoles 11 de marzo de 2025 VACANTE de profesor\/a de ESO con titulaci\u00f3n en Geograf\u00eda e Historia\/Capacitaci\u00f3 en valenci\u00e0 (a media jornada) Lunes 1 de diciembre de 2025 (vacante cubierta) VACANTE de profesor\/a de ESO&#8230; <\/p>\n<div class=\"link-more\"><a href=\"https:\/\/www.santaanaalcoi.es\/?page_id=909\">Lea m\u00e1s<\/a><\/div>\n","protected":false},"author":3,"featured_media":0,"parent":0,"menu_order":0,"comment_status":"closed","ping_status":"closed","template":"","meta":{"footnotes":""},"class_list":["post-909","page","type-page","status-publish","hentry"],"jetpack_sharing_enabled":false,"_links":{"self":[{"href":"https:\/\/www.santaanaalcoi.es\/index.php?rest_route=\/wp\/v2\/pages\/909","targetHints":{"allow":["GET"]}}],"collection":[{"href":"https:\/\/www.santaanaalcoi.es\/index.php?rest_route=\/wp\/v2\/pages"}],"about":[{"href":"https:\/\/www.santaanaalcoi.es\/index.php?rest_route=\/wp\/v2\/types\/page"}],"author":[{"embeddable":true,"href":"https:\/\/www.santaanaalcoi.es\/index.php?rest_route=\/wp\/v2\/users\/3"}],"replies":[{"embeddable":true,"href":"https:\/\/www.santaanaalcoi.es\/index.php?rest_route=%2Fwp%2Fv2%2Fcomments&post=909"}],"version-history":[{"count":8,"href":"https:\/\/www.santaanaalcoi.es\/index.php?rest_route=\/wp\/v2\/pages\/909\/revisions"}],"predecessor-version":[{"id":4861,"href":"https:\/\/www.santaanaalcoi.es\/index.php?rest_route=\/wp\/v2\/pages\/909\/revisions\/4861"}],"wp:attachment":[{"href":"https:\/\/www.santaanaalcoi.es\/index.php?rest_route=%2Fwp%2Fv2%2Fmedia&parent=909"}],"curies":[{"name":"wp","href":"https:\/\/api.w.org\/{rel}","templated":true}]}}

<div class="wp-block-image">
<figure class="aligncenter size-large is-resized"><img loading="lazy" decoding="async" width="1024" height="576" src="https://www.santaanaalcoi.es/wp-content/uploads/2026/02/grupo-santa-ana-1024x576.jpg" alt="" class="wp-image-4827" style="width:366px;height:auto" srcset="https://www.santaanaalcoi.es/wp-content/uploads/2026/02/grupo-santa-ana-1024x576.jpg 1024w, https://www.santaanaalcoi.es/wp-content/uploads/2026/02/grupo-santa-ana-300x169.jpg 300w, https://www.santaanaalcoi.es/wp-content/uploads/2026/02/grupo-santa-ana-768x432.jpg 768w, https://www.santaanaalcoi.es/wp-content/uploads/2026/02/grupo-santa-ana-1536x864.jpg 1536w, https://www.santaanaalcoi.es/wp-content/uploads/2026/02/grupo-santa-ana-2048x1152.jpg 2048w, https://www.santaanaalcoi.es/wp-content/uploads/2026/02/grupo-santa-ana-533x300.jpg 533w" sizes="auto, (max-width: 1024px) 100vw, 1024px" /></figure>
</div>


<h1 class="wp-block-heading"></h1>


<p>En este apartado publicaremos las ofertas laborales que surjan pero si quieres, déjanos tu currículum  rellenando el siguiente formulario: <a href="https://goo.gl/forms/5wkhhzMLqtnYSUUR2"><strong>FORMULARIO</strong></a></p>
<p><strong>Miércoles 11 de marzo de 2025</strong></p>
<ul>
<li>VACANTE de profesor/a de ESO con titulación en Geografía e Historia/Capacitació en valencià (a media jornada)</li>
</ul>
<p><strong>Lunes 1 de diciembre de 2025</strong> (vacante cubierta)</p>
<ul>
<li>VACANTE de profesor/a de ESO con perfil científico (Jornada completa)</li>
</ul>
<p><strong>Lunes 6 de octubre de 2025</strong><em> (vacante cubierta)</em></p>
<ul>
<li><strong>VACANTE</strong> de profesor de Música para Primaria con C1 en Valencià o Capacitació (18 horas semanales)</li>
</ul>
<p><strong>Lunes 18 de julio de 2025 </strong><em>(vacante cubierta)</em></p>
<ul>
<li><strong>VACANTE</strong> de profesor de ESO, especialista en Música con B2-C1 en Inglés (6 horas semanales)</li>
</ul>
<p><strong>Jueves 1 de enero de 2024 </strong><em>(vacante cubierta)</em></p>
<ul>
<li><strong>VACANTE</strong> de maestro/a de primaria con mención en Música o especialidad de Música + capacitación en valencià.</li>
</ul>
<p><strong>Martes 9 de julio de 2024 </strong><em>(vacantes cubiertas)</em></p>
<ul>
<li><strong>VACANTE</strong> Profesor/a de música en ESO (6 horas).</li>
<li><strong>VACANTE</strong> Maestro/a de primaria (18’5 horas).</li>
<li><strong>VACANTE </strong>Especialista de Audición y Lenguaje (11 horas).</li>
</ul>


<p></p>

<p>En este apartado publicaremos las ofertas laborales que surjan pero si quieres, déjanos tu currículum  rellenando el siguiente formulario: FORMULARIO Miércoles 11 de marzo de 2025 VACANTE de profesor/a de ESO con titulación en Geografía e Historia/Capacitació en valencià (a media jornada) Lunes 1 de diciembre de 2025 (vacante cubierta) VACANTE de profesor/a de ESO&#8230; </p>
<div class="link-more"><a href="https://www.santaanaalcoi.es/?page_id=909">Lea más</a></div>
