{"id":67,"date":"2025-07-30T11:38:19","date_gmt":"2025-07-30T09:38:19","guid":{"rendered":"https:\/\/santaanaalcoiweb.wordpress.com\/?page_id=67"},"modified":"2025-07-30T11:46:54","modified_gmt":"2025-07-30T09:46:54","slug":"primaria","status":"publish","type":"page","link":"https:\/\/www.santaanaalcoi.es\/?page_id=67","title":{"rendered":"Primaria"},"content":{"rendered":"\n<p>La Educaci\u00f3n Primaria es una etapa educativa obligatoria que va desde los 6 hasta los 12 a\u00f1os. <\/p>\n\n\n\n<p>Su principal finalidad es <strong>proporcionar a los ni\u00f1os y ni\u00f1as una educaci\u00f3n que desarrolle sus capacidades personales y sociales<\/strong>, y que les ayude a construir una base s\u00f3lida para su aprendizaje futuro.<\/p>\n\n\n\n<p>Durante esta etapa, el alumnado aprende no solo contenidos acad\u00e9micos, como matem\u00e1ticas, lengua o ciencias, sino tambi\u00e9n valores importantes como el respeto, la convivencia, la responsabilidad y el esfuerzo.<\/p>\n\n\n\n<p>Nuestro  objetivo  es <strong>favorecer el desarrollo de competencias clave<\/strong>, como la comunicaci\u00f3n, el pensamiento cr\u00edtico, la autonom\u00eda personal, la creatividad y el aprendizaje a lo largo de la vida. Todo ello en un entorno inclusivo, que atiende a la diversidad y garantiza la igualdad de oportunidades para todos los ni\u00f1os y ni\u00f1as.<\/p>\n\n\n\n<p>A continuaci\u00f3n pod\u00e9is encontrar informaci\u00f3n m\u00e1s detallada de esta etapa:<\/p>\n\n\n\n<ul class=\"wp-block-list\">\n<li><a href=\"https:\/\/www.santaanaalcoi.es\/?page_id=315\">Horarios<\/a><\/li>\n\n\n\n<li><a href=\"https:\/\/www.santaanaalcoi.es\/?page_id=1777\">Libros<\/a><\/li>\n\n\n\n<li><a href=\"https:\/\/www.santaanaalcoi.es\/?page_id=320\">Reuniones<\/a><\/li>\n\n\n\n<li><a href=\"https:\/\/www.santaanaalcoi.es\/?page_id=335\">Tutoras<\/a><\/li>\n\n\n\n<li><a href=\"https:\/\/www.santaanaalcoi.es\/?page_id=674\" data-type=\"link\" data-id=\"https:\/\/www.santaanaalcoi.es\/?page_id=674\">Especialistas<\/a><\/li>\n<\/ul>\n\n\n\n<p><\/p>\n","protected":false},"excerpt":{"rendered":"<p>La Educaci\u00f3n Primaria es una etapa educativa obligatoria que va desde los 6 hasta los 12 a\u00f1os. Su principal finalidad es proporcionar a los ni\u00f1os y ni\u00f1as una educaci\u00f3n que desarrolle sus capacidades personales y sociales, y que les ayude a construir una base s\u00f3lida para su aprendizaje futuro. Durante esta etapa, el alumnado aprende&#8230; <\/p>\n<div class=\"link-more\"><a href=\"https:\/\/www.santaanaalcoi.es\/?page_id=67\">Lea m\u00e1s<\/a><\/div>\n","protected":false},"author":3,"featured_media":655,"parent":4328,"menu_order":0,"comment_status":"closed","ping_status":"closed","template":"","meta":{"footnotes":""},"class_list":["post-67","page","type-page","status-publish","has-post-thumbnail","hentry"],"jetpack_sharing_enabled":false,"_links":{"self":[{"href":"https:\/\/www.santaanaalcoi.es\/index.php?rest_route=\/wp\/v2\/pages\/67","targetHints":{"allow":["GET"]}}],"collection":[{"href":"https:\/\/www.santaanaalcoi.es\/index.php?rest_route=\/wp\/v2\/pages"}],"about":[{"href":"https:\/\/www.santaanaalcoi.es\/index.php?rest_route=\/wp\/v2\/types\/page"}],"author":[{"embeddable":true,"href":"https:\/\/www.santaanaalcoi.es\/index.php?rest_route=\/wp\/v2\/users\/3"}],"replies":[{"embeddable":true,"href":"https:\/\/www.santaanaalcoi.es\/index.php?rest_route=%2Fwp%2Fv2%2Fcomments&post=67"}],"version-history":[{"count":7,"href":"https:\/\/www.santaanaalcoi.es\/index.php?rest_route=\/wp\/v2\/pages\/67\/revisions"}],"predecessor-version":[{"id":4611,"href":"https:\/\/www.santaanaalcoi.es\/index.php?rest_route=\/wp\/v2\/pages\/67\/revisions\/4611"}],"up":[{"embeddable":true,"href":"https:\/\/www.santaanaalcoi.es\/index.php?rest_route=\/wp\/v2\/pages\/4328"}],"wp:featuredmedia":[{"embeddable":true,"href":"https:\/\/www.santaanaalcoi.es\/index.php?rest_route=\/wp\/v2\/media\/655"}],"wp:attachment":[{"href":"https:\/\/www.santaanaalcoi.es\/index.php?rest_route=%2Fwp%2Fv2%2Fmedia&parent=67"}],"curies":[{"name":"wp","href":"https:\/\/api.w.org\/{rel}","templated":true}]}}

<p>La Educación Primaria es una etapa educativa obligatoria que va desde los 6 hasta los 12 años. </p>



<p>Su principal finalidad es <strong>proporcionar a los niños y niñas una educación que desarrolle sus capacidades personales y sociales</strong>, y que les ayude a construir una base sólida para su aprendizaje futuro.</p>



<p>Durante esta etapa, el alumnado aprende no solo contenidos académicos, como matemáticas, lengua o ciencias, sino también valores importantes como el respeto, la convivencia, la responsabilidad y el esfuerzo.</p>



<p>Nuestro  objetivo  es <strong>favorecer el desarrollo de competencias clave</strong>, como la comunicación, el pensamiento crítico, la autonomía personal, la creatividad y el aprendizaje a lo largo de la vida. Todo ello en un entorno inclusivo, que atiende a la diversidad y garantiza la igualdad de oportunidades para todos los niños y niñas.</p>



<p>A continuación podéis encontrar información más detallada de esta etapa:</p>



<ul class="wp-block-list">
<li><a href="https://www.santaanaalcoi.es/?page_id=315">Horarios</a></li>



<li><a href="https://www.santaanaalcoi.es/?page_id=1777">Libros</a></li>



<li><a href="https://www.santaanaalcoi.es/?page_id=320">Reuniones</a></li>



<li><a href="https://www.santaanaalcoi.es/?page_id=335">Tutoras</a></li>



<li><a href="https://www.santaanaalcoi.es/?page_id=674" data-type="link" data-id="https://www.santaanaalcoi.es/?page_id=674">Especialistas</a></li>
</ul>



<p></p>

<p>La Educación Primaria es una etapa educativa obligatoria que va desde los 6 hasta los 12 años. Su principal finalidad es proporcionar a los niños y niñas una educación que desarrolle sus capacidades personales y sociales, y que les ayude a construir una base sólida para su aprendizaje futuro. Durante esta etapa, el alumnado aprende&#8230; </p>
<div class="link-more"><a href="https://www.santaanaalcoi.es/?page_id=67">Lea más</a></div>
