{"id":65,"date":"2016-06-23T11:00:33","date_gmt":"2016-06-23T11:00:33","guid":{"rendered":"https:\/\/santaanaalcoiweb.wordpress.com\/?page_id=65"},"modified":"2025-08-18T11:46:52","modified_gmt":"2025-08-18T09:46:52","slug":"infantil","status":"publish","type":"page","link":"https:\/\/www.santaanaalcoi.es\/?page_id=65","title":{"rendered":"EDUCACI\u00d3N INFANTIL"},"content":{"rendered":"<p style=\"text-align: justify;\">La finalidad de esta etapa educativa es favorecer el desarrollo f\u00edsico, intelectual, social, afectivo y personal de los ni\u00f1os y ni\u00f1as y compensar las desigualdades que por diversas razones existan.<\/p>\n<p style=\"text-align: justify;\">En el segundo ciclo de la educaci\u00f3n infantil se trabajan las siguientes tres \u00e1reas:<\/p>\n<ul style=\"text-align: justify;\">\n<li class=\"TrT0Xe\">Crecimiento en\u00a0Armon\u00eda.<\/li>\n<li class=\"TrT0Xe\">Descubrimiento y Exploraci\u00f3n del Entorno.<\/li>\n<li class=\"TrT0Xe\">Comunicaci\u00f3n y Representaci\u00f3n de la Realidad.<\/li>\n<\/ul>\n<p style=\"text-align: justify;\">Las administraciones educativas y las escuelas son los responsables de desarrollar y completar los distintos contenidos educativos que tratar\u00e1n en cada uno de los dos ciclos de la Educaci\u00f3n Infantil.<\/p>\n<p>En el siguiente v\u00eddeo pod\u00e9is ver como es el d\u00eda a d\u00eda en nuestra etapa.<\/p>\n\n\n<figure class=\"wp-block-embed is-type-video is-provider-youtube wp-block-embed-youtube wp-embed-aspect-16-9 wp-has-aspect-ratio\"><div class=\"wp-block-embed__wrapper\">\n<div class=\"jetpack-video-wrapper\"><iframe loading=\"lazy\" title=\"Colegio Santa Ana de Alcoy - Crecemos Contigo\" width=\"1000\" height=\"563\" src=\"https:\/\/www.youtube.com\/embed\/UALGrWqY7RE?start=3&#038;feature=oembed\" frameborder=\"0\" allow=\"accelerometer; autoplay; clipboard-write; encrypted-media; gyroscope; picture-in-picture; web-share\" referrerpolicy=\"strict-origin-when-cross-origin\" allowfullscreen><\/iframe><\/div>\n<\/div><\/figure>\n","protected":false},"excerpt":{"rendered":"<p>La finalidad de esta etapa educativa es favorecer el desarrollo f\u00edsico, intelectual, social, afectivo y personal de los ni\u00f1os y ni\u00f1as y compensar las desigualdades que por diversas razones existan. En el segundo ciclo de la educaci\u00f3n infantil se trabajan las siguientes tres \u00e1reas: Crecimiento en\u00a0Armon\u00eda. Descubrimiento y Exploraci\u00f3n del Entorno. Comunicaci\u00f3n y Representaci\u00f3n de&#8230; <\/p>\n<div class=\"link-more\"><a href=\"https:\/\/www.santaanaalcoi.es\/?page_id=65\">Lea m\u00e1s<\/a><\/div>\n","protected":false},"author":3,"featured_media":2694,"parent":4328,"menu_order":0,"comment_status":"closed","ping_status":"closed","template":"","meta":{"footnotes":""},"class_list":["post-65","page","type-page","status-publish","has-post-thumbnail","hentry"],"jetpack_sharing_enabled":false,"_links":{"self":[{"href":"https:\/\/www.santaanaalcoi.es\/index.php?rest_route=\/wp\/v2\/pages\/65","targetHints":{"allow":["GET"]}}],"collection":[{"href":"https:\/\/www.santaanaalcoi.es\/index.php?rest_route=\/wp\/v2\/pages"}],"about":[{"href":"https:\/\/www.santaanaalcoi.es\/index.php?rest_route=\/wp\/v2\/types\/page"}],"author":[{"embeddable":true,"href":"https:\/\/www.santaanaalcoi.es\/index.php?rest_route=\/wp\/v2\/users\/3"}],"replies":[{"embeddable":true,"href":"https:\/\/www.santaanaalcoi.es\/index.php?rest_route=%2Fwp%2Fv2%2Fcomments&post=65"}],"version-history":[{"count":1,"href":"https:\/\/www.santaanaalcoi.es\/index.php?rest_route=\/wp\/v2\/pages\/65\/revisions"}],"predecessor-version":[{"id":4622,"href":"https:\/\/www.santaanaalcoi.es\/index.php?rest_route=\/wp\/v2\/pages\/65\/revisions\/4622"}],"up":[{"embeddable":true,"href":"https:\/\/www.santaanaalcoi.es\/index.php?rest_route=\/wp\/v2\/pages\/4328"}],"wp:featuredmedia":[{"embeddable":true,"href":"https:\/\/www.santaanaalcoi.es\/index.php?rest_route=\/wp\/v2\/media\/2694"}],"wp:attachment":[{"href":"https:\/\/www.santaanaalcoi.es\/index.php?rest_route=%2Fwp%2Fv2%2Fmedia&parent=65"}],"curies":[{"name":"wp","href":"https:\/\/api.w.org\/{rel}","templated":true}]}}

EDUCACIÓN INFANTIL

<p style="text-align: justify;">La finalidad de esta etapa educativa es favorecer el desarrollo físico, intelectual, social, afectivo y personal de los niños y niñas y compensar las desigualdades que por diversas razones existan.</p>
<p style="text-align: justify;">En el segundo ciclo de la educación infantil se trabajan las siguientes tres áreas:</p>
<ul style="text-align: justify;">
<li class="TrT0Xe">Crecimiento en Armonía.</li>
<li class="TrT0Xe">Descubrimiento y Exploración del Entorno.</li>
<li class="TrT0Xe">Comunicación y Representación de la Realidad.</li>
</ul>
<p style="text-align: justify;">Las administraciones educativas y las escuelas son los responsables de desarrollar y completar los distintos contenidos educativos que tratarán en cada uno de los dos ciclos de la Educación Infantil.</p>
<p>En el siguiente vídeo podéis ver como es el día a día en nuestra etapa.</p>


<figure class="wp-block-embed is-type-video is-provider-youtube wp-block-embed-youtube wp-embed-aspect-16-9 wp-has-aspect-ratio"><div class="wp-block-embed__wrapper">
<div class="jetpack-video-wrapper"><iframe loading="lazy" title="Colegio Santa Ana de Alcoy - Crecemos Contigo" width="1000" height="563" src="https://www.youtube.com/embed/UALGrWqY7RE?start=3&#038;feature=oembed" frameborder="0" allow="accelerometer; autoplay; clipboard-write; encrypted-media; gyroscope; picture-in-picture; web-share" referrerpolicy="strict-origin-when-cross-origin" allowfullscreen></iframe></div>
</div></figure>

<p>La finalidad de esta etapa educativa es favorecer el desarrollo físico, intelectual, social, afectivo y personal de los niños y niñas y compensar las desigualdades que por diversas razones existan. En el segundo ciclo de la educación infantil se trabajan las siguientes tres áreas: Crecimiento en Armonía. Descubrimiento y Exploración del Entorno. Comunicación y Representación de&#8230; </p>
<div class="link-more"><a href="https://www.santaanaalcoi.es/?page_id=65">Lea más</a></div>
