{"id":62,"date":"2016-06-23T10:56:34","date_gmt":"2016-06-23T10:56:34","guid":{"rendered":"https:\/\/santaanaalcoiweb.wordpress.com\/pastoral\/"},"modified":"2026-04-13T11:46:13","modified_gmt":"2026-04-13T09:46:13","slug":"pastoral","status":"publish","type":"page","link":"https:\/\/www.santaanaalcoi.es\/?page_id=62","title":{"rendered":"PASTORAL"},"content":{"rendered":"<p style=\"text-align: justify;\">Bienvenidos a la secci\u00f3n dedicada a la Acci\u00f3n Pastoral en nuestro Colegio y con la Comunidad Educativa. Este a\u00f1o el lema que nos acompa\u00f1a es \u00ab\u00bfQui\u00e9n dices que soy yo?\u00bb el cual trabajaremos a lo largo del curso en las aulas y celebraciones comunes.<\/p>\n<p><img loading=\"lazy\" decoding=\"async\" class=\"wp-image-4717  aligncenter\" src=\"https:\/\/www.santaanaalcoi.es\/wp-content\/uploads\/2025\/09\/image002-300x75.jpg\" alt=\"\" width=\"352\" height=\"88\" srcset=\"https:\/\/www.santaanaalcoi.es\/wp-content\/uploads\/2025\/09\/image002-300x75.jpg 300w, https:\/\/www.santaanaalcoi.es\/wp-content\/uploads\/2025\/09\/image002.jpg 588w\" sizes=\"auto, (max-width: 352px) 100vw, 352px\" \/><\/p>\n<p>En el siguiente apartado pod\u00e9is ver las diferentes <strong>Celebraciones<\/strong> que realizamos a lo largo del curso y que forman parte de nuestra identidad.<\/p>\n<ul>\n<li><a href=\"https:\/\/www.santaanaalcoi.es\/?page_id=1419\">Celebraciones<\/a><\/li>\n<\/ul>\n<p>Tambi\u00e9n el proyecto <strong>Por ti, por Ellos<\/strong> del cual ten\u00e9is acceso de manera mensual. Esta iniciativa surge para\u00a0 fortalecer la identidad cristiana de la comunidad educativa\u00a0 as\u00ed como fomentar valores compartidos, reflexi\u00f3n y acci\u00f3n comunitaria.<\/p>\n<ul>\n<li><a href=\"https:\/\/www.santaanaalcoi.es\/wp-content\/uploads\/2025\/10\/Octubre-\u00a1Por-ti-por-ellos-curso-25-26.pptx-1.pdf\">Octubre<\/a><\/li>\n<li><a href=\"https:\/\/www.santaanaalcoi.es\/wp-content\/uploads\/2025\/11\/Novembre-Per-tu-per-ells-curs-25-26.pptx.jpg\">Noviembre<\/a><\/li>\n<li><a href=\"https:\/\/www.santaanaalcoi.es\/wp-content\/uploads\/2026\/01\/Diciembre-castellano-\u00a1Por-ti-por-ellos-curso-25-26.jpg\">Diciembre<\/a><\/li>\n<li><a href=\"https:\/\/www.santaanaalcoi.es\/wp-content\/uploads\/2026\/01\/Enero-\u00a1Por-ti-por-ellos-curso-25-26.pdf\">Enero<\/a><\/li>\n<li><a href=\"https:\/\/www.santaanaalcoi.es\/wp-content\/uploads\/2026\/03\/Febrer-Per-tu-per-ells-curso-25-26.pdf\">Febrero<\/a><\/li>\n<li><a href=\"https:\/\/www.santaanaalcoi.es\/wp-content\/uploads\/2026\/03\/MarA\u00a7-Per-tu-per-ells-curs-25-26.pdf\">Marzo<\/a><\/li>\n<li><a href=\"https:\/\/www.santaanaalcoi.es\/wp-content\/uploads\/2026\/04\/Abril-\u00a1Por-ti-por-ellos-curso-25-26.pdf\">Abril<\/a><\/li>\n<\/ul>\n\n\n<p><\/p>\n","protected":false},"excerpt":{"rendered":"<p>Bienvenidos a la secci\u00f3n dedicada a la Acci\u00f3n Pastoral en nuestro Colegio y con la Comunidad Educativa. Este a\u00f1o el lema que nos acompa\u00f1a es \u00ab\u00bfQui\u00e9n dices que soy yo?\u00bb el cual trabajaremos a lo largo del curso en las aulas y celebraciones comunes. En el siguiente apartado pod\u00e9is ver las diferentes Celebraciones que realizamos&#8230; <\/p>\n<div class=\"link-more\"><a href=\"https:\/\/www.santaanaalcoi.es\/?page_id=62\">Lea m\u00e1s<\/a><\/div>\n","protected":false},"author":3,"featured_media":2134,"parent":0,"menu_order":0,"comment_status":"closed","ping_status":"closed","template":"","meta":{"footnotes":""},"class_list":["post-62","page","type-page","status-publish","has-post-thumbnail","hentry"],"jetpack_sharing_enabled":false,"_links":{"self":[{"href":"https:\/\/www.santaanaalcoi.es\/index.php?rest_route=\/wp\/v2\/pages\/62","targetHints":{"allow":["GET"]}}],"collection":[{"href":"https:\/\/www.santaanaalcoi.es\/index.php?rest_route=\/wp\/v2\/pages"}],"about":[{"href":"https:\/\/www.santaanaalcoi.es\/index.php?rest_route=\/wp\/v2\/types\/page"}],"author":[{"embeddable":true,"href":"https:\/\/www.santaanaalcoi.es\/index.php?rest_route=\/wp\/v2\/users\/3"}],"replies":[{"embeddable":true,"href":"https:\/\/www.santaanaalcoi.es\/index.php?rest_route=%2Fwp%2Fv2%2Fcomments&post=62"}],"version-history":[{"count":12,"href":"https:\/\/www.santaanaalcoi.es\/index.php?rest_route=\/wp\/v2\/pages\/62\/revisions"}],"predecessor-version":[{"id":4882,"href":"https:\/\/www.santaanaalcoi.es\/index.php?rest_route=\/wp\/v2\/pages\/62\/revisions\/4882"}],"wp:featuredmedia":[{"embeddable":true,"href":"https:\/\/www.santaanaalcoi.es\/index.php?rest_route=\/wp\/v2\/media\/2134"}],"wp:attachment":[{"href":"https:\/\/www.santaanaalcoi.es\/index.php?rest_route=%2Fwp%2Fv2%2Fmedia&parent=62"}],"curies":[{"name":"wp","href":"https:\/\/api.w.org\/{rel}","templated":true}]}}

<p style="text-align: justify;">Bienvenidos a la sección dedicada a la Acción Pastoral en nuestro Colegio y con la Comunidad Educativa. Este año el lema que nos acompaña es «¿Quién dices que soy yo?» el cual trabajaremos a lo largo del curso en las aulas y celebraciones comunes.</p>
<p><img loading="lazy" decoding="async" class="wp-image-4717  aligncenter" src="https://www.santaanaalcoi.es/wp-content/uploads/2025/09/image002-300x75.jpg" alt="" width="352" height="88" srcset="https://www.santaanaalcoi.es/wp-content/uploads/2025/09/image002-300x75.jpg 300w, https://www.santaanaalcoi.es/wp-content/uploads/2025/09/image002.jpg 588w" sizes="auto, (max-width: 352px) 100vw, 352px" /></p>
<p>En el siguiente apartado podéis ver las diferentes <strong>Celebraciones</strong> que realizamos a lo largo del curso y que forman parte de nuestra identidad.</p>
<ul>
<li><a href="https://www.santaanaalcoi.es/?page_id=1419">Celebraciones</a></li>
</ul>
<p>También el proyecto <strong>Por ti, por Ellos</strong> del cual tenéis acceso de manera mensual. Esta iniciativa surge para  fortalecer la identidad cristiana de la comunidad educativa  así como fomentar valores compartidos, reflexión y acción comunitaria.</p>
<ul>
<li><a href="https://www.santaanaalcoi.es/wp-content/uploads/2025/10/Octubre-¡Por-ti-por-ellos-curso-25-26.pptx-1.pdf">Octubre</a></li>
<li><a href="https://www.santaanaalcoi.es/wp-content/uploads/2025/11/Novembre-Per-tu-per-ells-curs-25-26.pptx.jpg">Noviembre</a></li>
<li><a href="https://www.santaanaalcoi.es/wp-content/uploads/2026/01/Diciembre-castellano-¡Por-ti-por-ellos-curso-25-26.jpg">Diciembre</a></li>
<li><a href="https://www.santaanaalcoi.es/wp-content/uploads/2026/01/Enero-¡Por-ti-por-ellos-curso-25-26.pdf">Enero</a></li>
<li><a href="https://www.santaanaalcoi.es/wp-content/uploads/2026/03/Febrer-Per-tu-per-ells-curso-25-26.pdf">Febrero</a></li>
<li><a href="https://www.santaanaalcoi.es/wp-content/uploads/2026/03/MarA§-Per-tu-per-ells-curs-25-26.pdf">Marzo</a></li>
<li><a href="https://www.santaanaalcoi.es/wp-content/uploads/2026/04/Abril-¡Por-ti-por-ellos-curso-25-26.pdf">Abril</a></li>
</ul>


<p></p>

<p>Bienvenidos a la sección dedicada a la Acción Pastoral en nuestro Colegio y con la Comunidad Educativa. Este año el lema que nos acompaña es «¿Quién dices que soy yo?» el cual trabajaremos a lo largo del curso en las aulas y celebraciones comunes. En el siguiente apartado podéis ver las diferentes Celebraciones que realizamos&#8230; </p>
<div class="link-more"><a href="https://www.santaanaalcoi.es/?page_id=62">Lea más</a></div>
