{"id":616,"date":"2016-08-16T15:34:15","date_gmt":"2016-08-16T15:34:15","guid":{"rendered":"https:\/\/santaanaalcoiweb.wordpress.com\/?page_id=616"},"modified":"2026-03-23T18:07:19","modified_gmt":"2026-03-23T17:07:19","slug":"humanistico","status":"publish","type":"page","link":"https:\/\/www.santaanaalcoi.es\/?page_id=616","title":{"rendered":"Human\u00edstico"},"content":{"rendered":"<p style=\"text-align: justify\">El Departamento Human\u00edstico comprende las asignaturas relacionadas con este \u00e1mbito del aprendizaje, y est\u00e1 compuesto por los siguientes miembros del equipo de profesores de Secundaria:<\/p>\n<ul>\n<li style=\"text-align: justify\">Tina Trodella. Jefa del Departamento. Licenciada en Filolog\u00eda inglesa.<\/li>\n<li style=\"text-align: justify\">Francisco Gordejuela: Licenciado en en Geograf\u00eda e Historia.<\/li>\n<li style=\"text-align: justify\">Jos\u00e9 Juan Crespo: Licenciado en Ciencias Eclesi\u00e1sticas.<\/li>\n<li style=\"text-align: justify\">Jordi P\u00e9rez: T\u00edtulo Superior de M\u00fasica con la especialidad de Composici\u00f3n.<\/li>\n<\/ul>\n","protected":false},"excerpt":{"rendered":"<p>El Departamento Human\u00edstico comprende las asignaturas relacionadas con este \u00e1mbito del aprendizaje, y est\u00e1 compuesto por los siguientes miembros del equipo de profesores de Secundaria: Tina Trodella. Jefa del Departamento. Licenciada en Filolog\u00eda inglesa. Francisco Gordejuela: Licenciado en en Geograf\u00eda e Historia. Jos\u00e9 Juan Crespo: Licenciado en Ciencias Eclesi\u00e1sticas. Jordi P\u00e9rez: T\u00edtulo Superior de M\u00fasica&#8230; <\/p>\n<div class=\"link-more\"><a href=\"https:\/\/www.santaanaalcoi.es\/?page_id=616\">Lea m\u00e1s<\/a><\/div>\n","protected":false},"author":3,"featured_media":621,"parent":447,"menu_order":0,"comment_status":"closed","ping_status":"closed","template":"","meta":{"footnotes":""},"class_list":["post-616","page","type-page","status-publish","has-post-thumbnail","hentry"],"jetpack_sharing_enabled":false,"_links":{"self":[{"href":"https:\/\/www.santaanaalcoi.es\/index.php?rest_route=\/wp\/v2\/pages\/616","targetHints":{"allow":["GET"]}}],"collection":[{"href":"https:\/\/www.santaanaalcoi.es\/index.php?rest_route=\/wp\/v2\/pages"}],"about":[{"href":"https:\/\/www.santaanaalcoi.es\/index.php?rest_route=\/wp\/v2\/types\/page"}],"author":[{"embeddable":true,"href":"https:\/\/www.santaanaalcoi.es\/index.php?rest_route=\/wp\/v2\/users\/3"}],"replies":[{"embeddable":true,"href":"https:\/\/www.santaanaalcoi.es\/index.php?rest_route=%2Fwp%2Fv2%2Fcomments&post=616"}],"version-history":[{"count":2,"href":"https:\/\/www.santaanaalcoi.es\/index.php?rest_route=\/wp\/v2\/pages\/616\/revisions"}],"predecessor-version":[{"id":4875,"href":"https:\/\/www.santaanaalcoi.es\/index.php?rest_route=\/wp\/v2\/pages\/616\/revisions\/4875"}],"up":[{"embeddable":true,"href":"https:\/\/www.santaanaalcoi.es\/index.php?rest_route=\/wp\/v2\/pages\/447"}],"wp:featuredmedia":[{"embeddable":true,"href":"https:\/\/www.santaanaalcoi.es\/index.php?rest_route=\/wp\/v2\/media\/621"}],"wp:attachment":[{"href":"https:\/\/www.santaanaalcoi.es\/index.php?rest_route=%2Fwp%2Fv2%2Fmedia&parent=616"}],"curies":[{"name":"wp","href":"https:\/\/api.w.org\/{rel}","templated":true}]}}

Humanístico

<p style="text-align: justify">El Departamento Humanístico comprende las asignaturas relacionadas con este ámbito del aprendizaje, y está compuesto por los siguientes miembros del equipo de profesores de Secundaria:</p>
<ul>
<li style="text-align: justify">Tina Trodella. Jefa del Departamento. Licenciada en Filología inglesa.</li>
<li style="text-align: justify">Francisco Gordejuela: Licenciado en en Geografía e Historia.</li>
<li style="text-align: justify">José Juan Crespo: Licenciado en Ciencias Eclesiásticas.</li>
<li style="text-align: justify">Jordi Pérez: Título Superior de Música con la especialidad de Composición.</li>
</ul>

<p>El Departamento Humanístico comprende las asignaturas relacionadas con este ámbito del aprendizaje, y está compuesto por los siguientes miembros del equipo de profesores de Secundaria: Tina Trodella. Jefa del Departamento. Licenciada en Filología inglesa. Francisco Gordejuela: Licenciado en en Geografía e Historia. José Juan Crespo: Licenciado en Ciencias Eclesiásticas. Jordi Pérez: Título Superior de Música&#8230; </p>
<div class="link-more"><a href="https://www.santaanaalcoi.es/?page_id=616">Lea más</a></div>
