{"id":553,"date":"2016-08-13T09:37:42","date_gmt":"2016-08-13T09:37:42","guid":{"rendered":"https:\/\/santaanaalcoiweb.wordpress.com\/?page_id=553"},"modified":"2026-02-20T10:18:09","modified_gmt":"2026-02-20T09:18:09","slug":"cientifico-tecnologico","status":"publish","type":"page","link":"https:\/\/www.santaanaalcoi.es\/?page_id=553","title":{"rendered":"Cient\u00edfico-tecnol\u00f3gico"},"content":{"rendered":"<p>El Departamento Cient\u00edfico-Tecnol\u00f3gico comprende las asignaturas relacionadas con este \u00e1mbito del aprendizaje y est\u00e1 compuesto por los siguientes miembros del equipo de profesores de Secundaria:<\/p>\n<ul>\n<li>Ana Sandoval : Jefa del Departamento. Licenciada en Qu\u00edmica.<\/li>\n<li>Ignasi Garcia: Ingeniero T\u00e9cnico Industrial.<\/li>\n<li>Josep Pascual: Graduado en Arquitectura.<\/li>\n<li>Jordi Silvestre: Doctor en Biolog\u00eda.<\/li>\n<li>Gonzalo Olcina: Licenciado en Ciencias de la Actividad F\u00edsica y el Deporte y Diplomado en Magisterio.<\/li>\n<\/ul>\n","protected":false},"excerpt":{"rendered":"<p>El Departamento Cient\u00edfico-Tecnol\u00f3gico comprende las asignaturas relacionadas con este \u00e1mbito del aprendizaje y est\u00e1 compuesto por los siguientes miembros del equipo de profesores de Secundaria: Ana Sandoval : Jefa del Departamento. Licenciada en Qu\u00edmica. Ignasi Garcia: Ingeniero T\u00e9cnico Industrial. Josep Pascual: Graduado en Arquitectura. Jordi Silvestre: Doctor en Biolog\u00eda. Gonzalo Olcina: Licenciado en Ciencias de&#8230; <\/p>\n<div class=\"link-more\"><a href=\"https:\/\/www.santaanaalcoi.es\/?page_id=553\">Lea m\u00e1s<\/a><\/div>\n","protected":false},"author":3,"featured_media":4843,"parent":447,"menu_order":0,"comment_status":"closed","ping_status":"closed","template":"","meta":{"footnotes":""},"class_list":["post-553","page","type-page","status-publish","has-post-thumbnail","hentry"],"jetpack_sharing_enabled":false,"_links":{"self":[{"href":"https:\/\/www.santaanaalcoi.es\/index.php?rest_route=\/wp\/v2\/pages\/553","targetHints":{"allow":["GET"]}}],"collection":[{"href":"https:\/\/www.santaanaalcoi.es\/index.php?rest_route=\/wp\/v2\/pages"}],"about":[{"href":"https:\/\/www.santaanaalcoi.es\/index.php?rest_route=\/wp\/v2\/types\/page"}],"author":[{"embeddable":true,"href":"https:\/\/www.santaanaalcoi.es\/index.php?rest_route=\/wp\/v2\/users\/3"}],"replies":[{"embeddable":true,"href":"https:\/\/www.santaanaalcoi.es\/index.php?rest_route=%2Fwp%2Fv2%2Fcomments&post=553"}],"version-history":[{"count":1,"href":"https:\/\/www.santaanaalcoi.es\/index.php?rest_route=\/wp\/v2\/pages\/553\/revisions"}],"predecessor-version":[{"id":4844,"href":"https:\/\/www.santaanaalcoi.es\/index.php?rest_route=\/wp\/v2\/pages\/553\/revisions\/4844"}],"up":[{"embeddable":true,"href":"https:\/\/www.santaanaalcoi.es\/index.php?rest_route=\/wp\/v2\/pages\/447"}],"wp:featuredmedia":[{"embeddable":true,"href":"https:\/\/www.santaanaalcoi.es\/index.php?rest_route=\/wp\/v2\/media\/4843"}],"wp:attachment":[{"href":"https:\/\/www.santaanaalcoi.es\/index.php?rest_route=%2Fwp%2Fv2%2Fmedia&parent=553"}],"curies":[{"name":"wp","href":"https:\/\/api.w.org\/{rel}","templated":true}]}}

Científico-tecnológico

<p>El Departamento Científico-Tecnológico comprende las asignaturas relacionadas con este ámbito del aprendizaje y está compuesto por los siguientes miembros del equipo de profesores de Secundaria:</p>
<ul>
<li>Ana Sandoval : Jefa del Departamento. Licenciada en Química.</li>
<li>Ignasi Garcia: Ingeniero Técnico Industrial.</li>
<li>Josep Pascual: Graduado en Arquitectura.</li>
<li>Jordi Silvestre: Doctor en Biología.</li>
<li>Gonzalo Olcina: Licenciado en Ciencias de la Actividad Física y el Deporte y Diplomado en Magisterio.</li>
</ul>

<p>El Departamento Científico-Tecnológico comprende las asignaturas relacionadas con este ámbito del aprendizaje y está compuesto por los siguientes miembros del equipo de profesores de Secundaria: Ana Sandoval : Jefa del Departamento. Licenciada en Química. Ignasi Garcia: Ingeniero Técnico Industrial. Josep Pascual: Graduado en Arquitectura. Jordi Silvestre: Doctor en Biología. Gonzalo Olcina: Licenciado en Ciencias de&#8230; </p>
<div class="link-more"><a href="https://www.santaanaalcoi.es/?page_id=553">Lea más</a></div>
