{"id":487,"date":"2016-08-12T20:52:57","date_gmt":"2016-08-12T20:52:57","guid":{"rendered":"https:\/\/santaanaalcoiweb.wordpress.com\/?page_id=487"},"modified":"2016-08-12T20:52:57","modified_gmt":"2016-08-12T20:52:57","slug":"irene-cortes","status":"publish","type":"page","link":"https:\/\/www.santaanaalcoi.es\/?page_id=487","title":{"rendered":"Raquel Benavent Rico"},"content":{"rendered":"\n<p><strong>Graduada en Magisterio Educaci\u00f3n Infantil y Educadora<br>Capacitaci\u00f3 en valenci\u00e0 y B2 en Ingl\u00e9s.<br>DECA  <\/strong><\/p>\n\n\n\n<p><em>Hola quiero que conozcas un poquito sobre m\u00ed, para ello, me presento: mi nombre es Raquel y soy maestra.<\/em><\/p>\n\n\n\n<p><em>Para m\u00ed, ser docente es mi sue\u00f1o hecho realidad, ya que desde bien peque\u00f1a ten\u00eda clara mi profesi\u00f3n.<\/em><\/p>\n\n\n\n<p><em>En mi infancia he tenido la gran suerte de vivir muy de cerca esta preciosa profesi\u00f3n.<\/em><\/p>\n\n\n\n<p><em>Sin duda alguna, amo mi trabajo puesto que, para m\u00ed, mi alumnado me da felicidad, vida y una continua ense\u00f1anza.<\/em><\/p>\n\n\n\n<p><em>Cada d\u00eda me hago esta pregunta: \u00bfCu\u00e1ntas personas son felices diariamente en su trabajo? Yo soy enormemente feliz y para m\u00ed es una satisfacci\u00f3n ense\u00f1ar y aportar todo de m\u00ed a mis peque\u00f1os\/as.<\/em><\/p>\n\n\n\n<p><em>Tengo el privilegio de estar rodeada y acompa\u00f1ada de mi alumnado d\u00eda a d\u00eda y es un verdadero tesoro.<\/em><\/p>\n\n\n\n<p><em>Ser maestra implica estar en continua formaci\u00f3n y reciclaje y por ello, me fascina a\u00fan m\u00e1s mi trabajo, ya que siempre est\u00e1s en continuo estudio y aprendizaje.<\/em><\/p>\n\n\n\n<p><strong><em>For me teachers are the real influencers.<\/em><\/strong><\/p>\n\n\n\n<p class=\"has-text-align-left\"><\/p>\n","protected":false},"excerpt":{"rendered":"<p>Graduada en Magisterio Educaci\u00f3n Infantil y EducadoraCapacitaci\u00f3 en valenci\u00e0 y B2 en Ingl\u00e9s.DECA Hola quiero que conozcas un poquito sobre m\u00ed, para ello, me presento: mi nombre es Raquel y soy maestra. Para m\u00ed, ser docente es mi sue\u00f1o hecho realidad, ya que desde bien peque\u00f1a ten\u00eda clara mi profesi\u00f3n. En mi infancia he tenido&#8230; <\/p>\n<div class=\"link-more\"><a href=\"https:\/\/www.santaanaalcoi.es\/?page_id=487\">Lea m\u00e1s<\/a><\/div>\n","protected":false},"author":3,"featured_media":4193,"parent":201,"menu_order":0,"comment_status":"closed","ping_status":"closed","template":"","meta":{"footnotes":""},"class_list":["post-487","page","type-page","status-publish","has-post-thumbnail","hentry"],"jetpack_sharing_enabled":false,"_links":{"self":[{"href":"https:\/\/www.santaanaalcoi.es\/index.php?rest_route=\/wp\/v2\/pages\/487","targetHints":{"allow":["GET"]}}],"collection":[{"href":"https:\/\/www.santaanaalcoi.es\/index.php?rest_route=\/wp\/v2\/pages"}],"about":[{"href":"https:\/\/www.santaanaalcoi.es\/index.php?rest_route=\/wp\/v2\/types\/page"}],"author":[{"embeddable":true,"href":"https:\/\/www.santaanaalcoi.es\/index.php?rest_route=\/wp\/v2\/users\/3"}],"replies":[{"embeddable":true,"href":"https:\/\/www.santaanaalcoi.es\/index.php?rest_route=%2Fwp%2Fv2%2Fcomments&post=487"}],"version-history":[{"count":0,"href":"https:\/\/www.santaanaalcoi.es\/index.php?rest_route=\/wp\/v2\/pages\/487\/revisions"}],"up":[{"embeddable":true,"href":"https:\/\/www.santaanaalcoi.es\/index.php?rest_route=\/wp\/v2\/pages\/201"}],"wp:featuredmedia":[{"embeddable":true,"href":"https:\/\/www.santaanaalcoi.es\/index.php?rest_route=\/wp\/v2\/media\/4193"}],"wp:attachment":[{"href":"https:\/\/www.santaanaalcoi.es\/index.php?rest_route=%2Fwp%2Fv2%2Fmedia&parent=487"}],"curies":[{"name":"wp","href":"https:\/\/api.w.org\/{rel}","templated":true}]}}

<p><strong>Graduada en Magisterio Educación Infantil y Educadora<br>Capacitació en valencià y B2 en Inglés.<br>DECA  </strong></p>



<p><em>Hola quiero que conozcas un poquito sobre mí, para ello, me presento: mi nombre es Raquel y soy maestra.</em></p>



<p><em>Para mí, ser docente es mi sueño hecho realidad, ya que desde bien pequeña tenía clara mi profesión.</em></p>



<p><em>En mi infancia he tenido la gran suerte de vivir muy de cerca esta preciosa profesión.</em></p>



<p><em>Sin duda alguna, amo mi trabajo puesto que, para mí, mi alumnado me da felicidad, vida y una continua enseñanza.</em></p>



<p><em>Cada día me hago esta pregunta: ¿Cuántas personas son felices diariamente en su trabajo? Yo soy enormemente feliz y para mí es una satisfacción enseñar y aportar todo de mí a mis pequeños/as.</em></p>



<p><em>Tengo el privilegio de estar rodeada y acompañada de mi alumnado día a día y es un verdadero tesoro.</em></p>



<p><em>Ser maestra implica estar en continua formación y reciclaje y por ello, me fascina aún más mi trabajo, ya que siempre estás en continuo estudio y aprendizaje.</em></p>



<p><strong><em>For me teachers are the real influencers.</em></strong></p>



<p class="has-text-align-left"></p>

<p>Graduada en Magisterio Educación Infantil y EducadoraCapacitació en valencià y B2 en Inglés.DECA Hola quiero que conozcas un poquito sobre mí, para ello, me presento: mi nombre es Raquel y soy maestra. Para mí, ser docente es mi sueño hecho realidad, ya que desde bien pequeña tenía clara mi profesión. En mi infancia he tenido&#8230; </p>
<div class="link-more"><a href="https://www.santaanaalcoi.es/?page_id=487">Lea más</a></div>
