{"id":483,"date":"2016-08-12T20:48:59","date_gmt":"2016-08-12T20:48:59","guid":{"rendered":"https:\/\/santaanaalcoiweb.wordpress.com\/?page_id=483"},"modified":"2016-08-12T20:48:59","modified_gmt":"2016-08-12T20:48:59","slug":"andrea-ferrando-2","status":"publish","type":"page","link":"https:\/\/www.santaanaalcoi.es\/?page_id=483","title":{"rendered":"Andrea Ferrando"},"content":{"rendered":"<p style=\"text-align: justify\"><strong>Graduada en Educaci\u00f3 Infantil i T\u00e8cnic Superior en Educaci\u00f3 Infantil. Capacitaci\u00f3 per a l\u2019ensenyament en valenci\u00e0. B1 d\u2019angl\u00e8s. Monitora de temps lliure infantil i juvenil, MTL.<\/strong><\/p>\n<p style=\"text-align: justify\"><em>S\u00f3c Andrea Ferrando, mestra d\u2019Educaci\u00f3 Infantil. Des de xicoteta el meu somni era ser mestra. \u00c9s una professi\u00f3 que requereix esfor\u00e7, const\u00e0ncia, dedicaci\u00f3 i el m\u00e9s important de tot, una gran vocaci\u00f3.<\/em><\/p>\n<p style=\"text-align: justify\"><em>Els que estimem aquesta professi\u00f3, sabem realment el que \u00e9s treballar amb aquests menuts.<\/em><\/p>\n<p style=\"text-align: justify\"><em>Cada xiquet\/a t\u00e9 interessos i necessitats completament diferents, pel que se\u2019ls t\u00e9 que escoltar i entendre\u2019ls en cada moment.<\/em><\/p>\n<p style=\"text-align: justify\"><em>Tenen moltes ganes d\u2019escoltar i aprendre, encara que no sols aprenen ells de nosaltres sin\u00f3 que els mestres cada dia aprenem alguna cosa d\u2019ells.<\/em><\/p>\n<p style=\"text-align: justify\"><em>Estan plens d\u2019energia i ens omplin a nosaltres amb la seua innoc\u00e8ncia, amb les seues rialles, abra\u00e7ades i besades. A m\u00e9s, s\u00f3n capa\u00e7os de treure\u2019t un somriure amb un simple gest d\u2019afecte i a\u00e7\u00f2 \u00e9s una cosa que no es pot explicar amb paraules.<\/em><\/p>\n<p style=\"text-align: justify\"><em>\u00a0\u201cUna prueba de lo acertado de la intervenci\u00f3n educativa es la felicidad del ni\u00f1o\u201d. Mar\u00eda Montessori.<\/em><\/p>\n","protected":false},"excerpt":{"rendered":"<p>Graduada en Educaci\u00f3 Infantil i T\u00e8cnic Superior en Educaci\u00f3 Infantil. Capacitaci\u00f3 per a l\u2019ensenyament en valenci\u00e0. B1 d\u2019angl\u00e8s. Monitora de temps lliure infantil i juvenil, MTL. S\u00f3c Andrea Ferrando, mestra d\u2019Educaci\u00f3 Infantil. Des de xicoteta el meu somni era ser mestra. \u00c9s una professi\u00f3 que requereix esfor\u00e7, const\u00e0ncia, dedicaci\u00f3 i el m\u00e9s important de tot,&#8230; <\/p>\n<div class=\"link-more\"><a href=\"https:\/\/www.santaanaalcoi.es\/?page_id=483\">Lea m\u00e1s<\/a><\/div>\n","protected":false},"author":3,"featured_media":4192,"parent":201,"menu_order":0,"comment_status":"closed","ping_status":"closed","template":"","meta":{"footnotes":""},"class_list":["post-483","page","type-page","status-publish","has-post-thumbnail","hentry"],"jetpack_sharing_enabled":false,"_links":{"self":[{"href":"https:\/\/www.santaanaalcoi.es\/index.php?rest_route=\/wp\/v2\/pages\/483","targetHints":{"allow":["GET"]}}],"collection":[{"href":"https:\/\/www.santaanaalcoi.es\/index.php?rest_route=\/wp\/v2\/pages"}],"about":[{"href":"https:\/\/www.santaanaalcoi.es\/index.php?rest_route=\/wp\/v2\/types\/page"}],"author":[{"embeddable":true,"href":"https:\/\/www.santaanaalcoi.es\/index.php?rest_route=\/wp\/v2\/users\/3"}],"replies":[{"embeddable":true,"href":"https:\/\/www.santaanaalcoi.es\/index.php?rest_route=%2Fwp%2Fv2%2Fcomments&post=483"}],"version-history":[{"count":0,"href":"https:\/\/www.santaanaalcoi.es\/index.php?rest_route=\/wp\/v2\/pages\/483\/revisions"}],"up":[{"embeddable":true,"href":"https:\/\/www.santaanaalcoi.es\/index.php?rest_route=\/wp\/v2\/pages\/201"}],"wp:featuredmedia":[{"embeddable":true,"href":"https:\/\/www.santaanaalcoi.es\/index.php?rest_route=\/wp\/v2\/media\/4192"}],"wp:attachment":[{"href":"https:\/\/www.santaanaalcoi.es\/index.php?rest_route=%2Fwp%2Fv2%2Fmedia&parent=483"}],"curies":[{"name":"wp","href":"https:\/\/api.w.org\/{rel}","templated":true}]}}