{"id":4612,"date":"2025-07-31T17:43:13","date_gmt":"2025-07-31T15:43:13","guid":{"rendered":"https:\/\/www.santaanaalcoi.es\/?page_id=4612"},"modified":"2025-09-10T18:13:43","modified_gmt":"2025-09-10T16:13:43","slug":"orientacion-educativa","status":"publish","type":"page","link":"https:\/\/www.santaanaalcoi.es\/?page_id=4612","title":{"rendered":"Orientaci\u00f3n Educativa"},"content":{"rendered":"\n<p><u><strong>\u00bfQu\u00e9 es el departamento de Orientaci\u00f3n?<\/strong><\/u><\/p>\n\n\n\n<p>El&nbsp;<strong>Departamento de Orientaci\u00f3n Educativa<\/strong>&nbsp;es una parte esencial dentro de los Centros Educativos, cuya funci\u00f3n es ofrecer apoyo y asesoramiento tanto al alumnado, como a profesorado y familias.<\/p>\n\n\n\n<p>Su&nbsp;<strong>objetivo principal<\/strong>&nbsp;es facilitar el proceso educativo y el desarrollo integral del alumnado, ayudando a identificar y atender sus necesidades acad\u00e9micas, personales, sociales y vocacionales.<\/p>\n\n\n\n<p><strong><u>Funciones del Departamento de Orientaci\u00f3n Educativa<\/u><\/strong><\/p>\n\n\n\n<ol start=\"1\" class=\"wp-block-list\">\n<li><strong>Atenci\u00f3n a la Diversidad<\/strong>: Ayuda a dise\u00f1ar estrategias y programas de intervenci\u00f3n para atender a estudiantes con necesidades educativas especiales (NEE), ya sean dificultades de aprendizaje, diversidad funcional, altas capacidades, entre otros.<\/li>\n\n\n\n<li><strong>Orientaci\u00f3n Acad\u00e9mica y Profesional<\/strong>: Ofrece informaci\u00f3n y asesoramiento sobre opciones acad\u00e9micas y profesionales, ayudando a los estudiantes a tomar decisiones informadas sobre su futuro educativo y laboral.<\/li>\n\n\n\n<li><strong>Apoyo Psicol\u00f3gico y Emocional<\/strong>: Proporciona un espacio de escucha y ayuda para tratar problemas emocionales, personales o de convivencia que puedan afectar el rendimiento o bienestar del\/la estudiante.<\/li>\n\n\n\n<li><strong>Asesoramiento a Docentes y Familias<\/strong>: Colabora con los profesores para la adaptaci\u00f3n de metodolog\u00edas y materiales did\u00e1cticos, y tambi\u00e9n ofrece orientaci\u00f3n a las familias sobre c\u00f3mo apoyar mejor el desarrollo y la educaci\u00f3n de sus hijos e hijas.<\/li>\n\n\n\n<li><strong>Prevenci\u00f3n de Problemas de Conducta y Acoso Escolar<\/strong>: Implementa programas de prevenci\u00f3n y resoluci\u00f3n de conflictos, as\u00ed como acciones espec\u00edficas contra el acoso escolar y otras formas de violencia.<\/li>\n<\/ol>\n\n\n\n<p><strong><u>Equipo del Departamento de Orientaci\u00f3n<\/u><\/strong><\/p>\n\n\n\n<p>Nuestro equipo est\u00e1 compuesto por profesionales que trabajan de manera interdisciplinar para ofrecer una atenci\u00f3n integral a la comunidad educativa.<\/p>\n\n\n\n<p>-Ram\u00f3n \u00c1lvarez: (Orientador Educativo)<\/p>\n\n\n\n<p>-Carmen Bernabeu: (Maestra de Audici\u00f3n y Lenguaje &#8211; AL):<\/p>\n\n\n\n<p>-Nuria Dom\u00ednguez: (Maestra de Pedagog\u00eda Terap\u00e9utica &#8211; PT)<\/p>\n\n\n\n<p>-Ana Manosalbas: (Psicopedagoga Representante de la Etapa de Educaci\u00f3n Infantil)<\/p>\n\n\n\n<p><strong>Correo de contacto:<\/strong>&nbsp;<a href=\"mailto:ramonalvarez@santaanaalcoi.com\" target=\"_blank\" rel=\"noreferrer noopener\">ramonalvarez@santaanaalcoi.com<\/a><\/p>\n\n\n\n<p><\/p>\n","protected":false},"excerpt":{"rendered":"<p>\u00bfQu\u00e9 es el departamento de Orientaci\u00f3n? El&nbsp;Departamento de Orientaci\u00f3n Educativa&nbsp;es una parte esencial dentro de los Centros Educativos, cuya funci\u00f3n es ofrecer apoyo y asesoramiento tanto al alumnado, como a profesorado y familias. Su&nbsp;objetivo principal&nbsp;es facilitar el proceso educativo y el desarrollo integral del alumnado, ayudando a identificar y atender sus necesidades acad\u00e9micas, personales, sociales&#8230; <\/p>\n<div class=\"link-more\"><a href=\"https:\/\/www.santaanaalcoi.es\/?page_id=4612\">Lea m\u00e1s<\/a><\/div>\n","protected":false},"author":2,"featured_media":4683,"parent":0,"menu_order":0,"comment_status":"closed","ping_status":"closed","template":"","meta":{"footnotes":""},"class_list":["post-4612","page","type-page","status-publish","has-post-thumbnail","hentry"],"jetpack_sharing_enabled":true,"_links":{"self":[{"href":"https:\/\/www.santaanaalcoi.es\/index.php?rest_route=\/wp\/v2\/pages\/4612","targetHints":{"allow":["GET"]}}],"collection":[{"href":"https:\/\/www.santaanaalcoi.es\/index.php?rest_route=\/wp\/v2\/pages"}],"about":[{"href":"https:\/\/www.santaanaalcoi.es\/index.php?rest_route=\/wp\/v2\/types\/page"}],"author":[{"embeddable":true,"href":"https:\/\/www.santaanaalcoi.es\/index.php?rest_route=\/wp\/v2\/users\/2"}],"replies":[{"embeddable":true,"href":"https:\/\/www.santaanaalcoi.es\/index.php?rest_route=%2Fwp%2Fv2%2Fcomments&post=4612"}],"version-history":[{"count":2,"href":"https:\/\/www.santaanaalcoi.es\/index.php?rest_route=\/wp\/v2\/pages\/4612\/revisions"}],"predecessor-version":[{"id":4716,"href":"https:\/\/www.santaanaalcoi.es\/index.php?rest_route=\/wp\/v2\/pages\/4612\/revisions\/4716"}],"wp:featuredmedia":[{"embeddable":true,"href":"https:\/\/www.santaanaalcoi.es\/index.php?rest_route=\/wp\/v2\/media\/4683"}],"wp:attachment":[{"href":"https:\/\/www.santaanaalcoi.es\/index.php?rest_route=%2Fwp%2Fv2%2Fmedia&parent=4612"}],"curies":[{"name":"wp","href":"https:\/\/api.w.org\/{rel}","templated":true}]}}

Orientación Educativa

<p><u><strong>¿Qué es el departamento de Orientación?</strong></u></p>



<p>El&nbsp;<strong>Departamento de Orientación Educativa</strong>&nbsp;es una parte esencial dentro de los Centros Educativos, cuya función es ofrecer apoyo y asesoramiento tanto al alumnado, como a profesorado y familias.</p>



<p>Su&nbsp;<strong>objetivo principal</strong>&nbsp;es facilitar el proceso educativo y el desarrollo integral del alumnado, ayudando a identificar y atender sus necesidades académicas, personales, sociales y vocacionales.</p>



<p><strong><u>Funciones del Departamento de Orientación Educativa</u></strong></p>



<ol start="1" class="wp-block-list">
<li><strong>Atención a la Diversidad</strong>: Ayuda a diseñar estrategias y programas de intervención para atender a estudiantes con necesidades educativas especiales (NEE), ya sean dificultades de aprendizaje, diversidad funcional, altas capacidades, entre otros.</li>



<li><strong>Orientación Académica y Profesional</strong>: Ofrece información y asesoramiento sobre opciones académicas y profesionales, ayudando a los estudiantes a tomar decisiones informadas sobre su futuro educativo y laboral.</li>



<li><strong>Apoyo Psicológico y Emocional</strong>: Proporciona un espacio de escucha y ayuda para tratar problemas emocionales, personales o de convivencia que puedan afectar el rendimiento o bienestar del/la estudiante.</li>



<li><strong>Asesoramiento a Docentes y Familias</strong>: Colabora con los profesores para la adaptación de metodologías y materiales didácticos, y también ofrece orientación a las familias sobre cómo apoyar mejor el desarrollo y la educación de sus hijos e hijas.</li>



<li><strong>Prevención de Problemas de Conducta y Acoso Escolar</strong>: Implementa programas de prevención y resolución de conflictos, así como acciones específicas contra el acoso escolar y otras formas de violencia.</li>
</ol>



<p><strong><u>Equipo del Departamento de Orientación</u></strong></p>



<p>Nuestro equipo está compuesto por profesionales que trabajan de manera interdisciplinar para ofrecer una atención integral a la comunidad educativa.</p>



<p>-Ramón Álvarez: (Orientador Educativo)</p>



<p>-Carmen Bernabeu: (Maestra de Audición y Lenguaje &#8211; AL):</p>



<p>-Nuria Domínguez: (Maestra de Pedagogía Terapéutica &#8211; PT)</p>



<p>-Ana Manosalbas: (Psicopedagoga Representante de la Etapa de Educación Infantil)</p>



<p><strong>Correo de contacto:</strong>&nbsp;<a href="mailto:ramonalvarez@santaanaalcoi.com" target="_blank" rel="noreferrer noopener">ramonalvarez@santaanaalcoi.com</a></p>



<p></p>

<p>¿Qué es el departamento de Orientación? El&nbsp;Departamento de Orientación Educativa&nbsp;es una parte esencial dentro de los Centros Educativos, cuya función es ofrecer apoyo y asesoramiento tanto al alumnado, como a profesorado y familias. Su&nbsp;objetivo principal&nbsp;es facilitar el proceso educativo y el desarrollo integral del alumnado, ayudando a identificar y atender sus necesidades académicas, personales, sociales&#8230; </p>
<div class="link-more"><a href="https://www.santaanaalcoi.es/?page_id=4612">Lea más</a></div>
