{"id":4328,"date":"2016-06-01T16:10:34","date_gmt":"2016-06-01T16:10:34","guid":{"rendered":"https:\/\/santaanaalcoiweb.wordpress.com\/blog\/"},"modified":"2025-09-01T15:40:22","modified_gmt":"2025-09-01T13:40:22","slug":"blog","status":"publish","type":"page","link":"https:\/\/www.santaanaalcoi.es\/?page_id=4328","title":{"rendered":"Etapas"},"content":{"rendered":"<p>El Colegio Santa Ana de Alcoy es un centro educativo de una l\u00ednea, que dispone de las siguientes etapas educativas:<\/p>\n<ul>\n<li><a href=\"https:\/\/www.santaanaalcoi.es\/?page_id=63\">Infantil Primer Ciclo \u00f3 Escoleta<\/a>: de 0 a 2 a\u00f1os.<\/li>\n<li><a href=\"https:\/\/www.santaanaalcoi.es\/?page_id=65\">Infantil Segundo Ciclo<\/a>: de 3 a 5 a\u00f1os.<\/li>\n<li><a href=\"https:\/\/www.santaanaalcoi.es\/?page_id=67\">Educaci\u00f3n Primaria<\/a>: de 6 a 12 a\u00f1os.<\/li>\n<li><a href=\"https:\/\/www.santaanaalcoi.es\/?page_id=70\">Educaci\u00f3n Secundaria Obligatoria<\/a>: de 13 a 16 a\u00f1os.<\/li>\n<\/ul>\n","protected":false},"excerpt":{"rendered":"<p>El Colegio Santa Ana de Alcoy es un centro educativo de una l\u00ednea, que dispone de las siguientes etapas educativas: Infantil Primer Ciclo \u00f3 Escoleta: de 0 a 2 a\u00f1os. Infantil Segundo Ciclo: de 3 a 5 a\u00f1os. Educaci\u00f3n Primaria: de 6 a 12 a\u00f1os. Educaci\u00f3n Secundaria Obligatoria: de 13 a 16 a\u00f1os.<\/p>\n","protected":false},"author":3,"featured_media":4626,"parent":0,"menu_order":0,"comment_status":"closed","ping_status":"closed","template":"","meta":{"footnotes":""},"class_list":["post-4328","page","type-page","status-publish","has-post-thumbnail","hentry"],"jetpack_sharing_enabled":false,"_links":{"self":[{"href":"https:\/\/www.santaanaalcoi.es\/index.php?rest_route=\/wp\/v2\/pages\/4328","targetHints":{"allow":["GET"]}}],"collection":[{"href":"https:\/\/www.santaanaalcoi.es\/index.php?rest_route=\/wp\/v2\/pages"}],"about":[{"href":"https:\/\/www.santaanaalcoi.es\/index.php?rest_route=\/wp\/v2\/types\/page"}],"author":[{"embeddable":true,"href":"https:\/\/www.santaanaalcoi.es\/index.php?rest_route=\/wp\/v2\/users\/3"}],"replies":[{"embeddable":true,"href":"https:\/\/www.santaanaalcoi.es\/index.php?rest_route=%2Fwp%2Fv2%2Fcomments&post=4328"}],"version-history":[{"count":1,"href":"https:\/\/www.santaanaalcoi.es\/index.php?rest_route=\/wp\/v2\/pages\/4328\/revisions"}],"predecessor-version":[{"id":4623,"href":"https:\/\/www.santaanaalcoi.es\/index.php?rest_route=\/wp\/v2\/pages\/4328\/revisions\/4623"}],"wp:featuredmedia":[{"embeddable":true,"href":"https:\/\/www.santaanaalcoi.es\/index.php?rest_route=\/wp\/v2\/media\/4626"}],"wp:attachment":[{"href":"https:\/\/www.santaanaalcoi.es\/index.php?rest_route=%2Fwp%2Fv2%2Fmedia&parent=4328"}],"curies":[{"name":"wp","href":"https:\/\/api.w.org\/{rel}","templated":true}]}}

<p>El Colegio Santa Ana de Alcoy es un centro educativo de una línea, que dispone de las siguientes etapas educativas:</p>
<ul>
<li><a href="https://www.santaanaalcoi.es/?page_id=63">Infantil Primer Ciclo ó Escoleta</a>: de 0 a 2 años.</li>
<li><a href="https://www.santaanaalcoi.es/?page_id=65">Infantil Segundo Ciclo</a>: de 3 a 5 años.</li>
<li><a href="https://www.santaanaalcoi.es/?page_id=67">Educación Primaria</a>: de 6 a 12 años.</li>
<li><a href="https://www.santaanaalcoi.es/?page_id=70">Educación Secundaria Obligatoria</a>: de 13 a 16 años.</li>
</ul>

<p>El Colegio Santa Ana de Alcoy es un centro educativo de una línea, que dispone de las siguientes etapas educativas: Infantil Primer Ciclo ó Escoleta: de 0 a 2 años. Infantil Segundo Ciclo: de 3 a 5 años. Educación Primaria: de 6 a 12 años. Educación Secundaria Obligatoria: de 13 a 16 años.</p>
