{"id":4327,"date":"2016-06-01T15:33:54","date_gmt":"2016-06-01T15:33:54","guid":{"rendered":"http:\/\/santaanaalcoiweb.wordpress.com\/?page_id=1"},"modified":"2016-06-01T15:33:54","modified_gmt":"2016-06-01T15:33:54","slug":"acerca-de","status":"publish","type":"page","link":"https:\/\/www.santaanaalcoi.es\/?page_id=4327","title":{"rendered":"Colegio"},"content":{"rendered":"<p style=\"text-align:justify\"><span style=\"color:#000000\">Situado en un enclave privilegiado, el Colegio Santa Ana ofrece una educaci\u00f3n en la que se busca la excelencia acad\u00e9mica a trav\u00e9s de una pedagog\u00eda propia, en la que la naturaleza y la felicidad de los alumnos\/as&nbsp;adquieren un enorme protagonismo.<\/span><\/p>\n<p style=\"text-align:justify\"><span style=\"color:#000000\">Al ser un centro de una \u00fanica l\u00ednea, el ambiente familiar se respira en todos y cada uno de sus&nbsp;rincones, dando un valor a\u00f1adido a la experiencia educativa del Colegio Santa Ana.<\/span><\/p>\n<p style=\"text-align:justify\"><span style=\"color:#000000\">Es posible que nos hayas hecho part\u00edcipes de la importante&nbsp;tarea de formar a tus hijos. Agradecemos tu confianza, pero adem\u00e1s, te invitamos a explorar esta web, donde encontrar\u00e1s informaci\u00f3n muy interesante.<\/span><\/p>\n<p style=\"text-align:justify\"><span style=\"color:#000000\">Por \u00faltimo, os recordamos&nbsp;que estamos a vuestra completa disposici\u00f3n para todo lo que necesit\u00e9is, porque para nosotros la relaci\u00f3n de t\u00fa a t\u00fa con nuestras familias es lo m\u00e1s importante. <\/span><\/p>\n<p><span style=\"color:#000000\">El Director<\/span><\/p>\n","protected":false},"excerpt":{"rendered":"<p>Situado en un enclave privilegiado, el Colegio Santa Ana ofrece una educaci\u00f3n en la que se busca la excelencia acad\u00e9mica a trav\u00e9s de una pedagog\u00eda propia, en la que la naturaleza y la felicidad de los alumnos\/as&nbsp;adquieren un enorme protagonismo. Al ser un centro de una \u00fanica l\u00ednea, el ambiente familiar se respira en todos&#8230; <\/p>\n<div class=\"link-more\"><a href=\"https:\/\/www.santaanaalcoi.es\/?page_id=4327\">Lea m\u00e1s<\/a><\/div>\n","protected":false},"author":3,"featured_media":2642,"parent":0,"menu_order":0,"comment_status":"closed","ping_status":"open","template":"","meta":{"footnotes":""},"class_list":["post-4327","page","type-page","status-publish","has-post-thumbnail","hentry"],"jetpack_sharing_enabled":false,"_links":{"self":[{"href":"https:\/\/www.santaanaalcoi.es\/index.php?rest_route=\/wp\/v2\/pages\/4327","targetHints":{"allow":["GET"]}}],"collection":[{"href":"https:\/\/www.santaanaalcoi.es\/index.php?rest_route=\/wp\/v2\/pages"}],"about":[{"href":"https:\/\/www.santaanaalcoi.es\/index.php?rest_route=\/wp\/v2\/types\/page"}],"author":[{"embeddable":true,"href":"https:\/\/www.santaanaalcoi.es\/index.php?rest_route=\/wp\/v2\/users\/3"}],"replies":[{"embeddable":true,"href":"https:\/\/www.santaanaalcoi.es\/index.php?rest_route=%2Fwp%2Fv2%2Fcomments&post=4327"}],"version-history":[{"count":0,"href":"https:\/\/www.santaanaalcoi.es\/index.php?rest_route=\/wp\/v2\/pages\/4327\/revisions"}],"wp:featuredmedia":[{"embeddable":true,"href":"https:\/\/www.santaanaalcoi.es\/index.php?rest_route=\/wp\/v2\/media\/2642"}],"wp:attachment":[{"href":"https:\/\/www.santaanaalcoi.es\/index.php?rest_route=%2Fwp%2Fv2%2Fmedia&parent=4327"}],"curies":[{"name":"wp","href":"https:\/\/api.w.org\/{rel}","templated":true}]}}

<p style="text-align:justify"><span style="color:#000000">Situado en un enclave privilegiado, el Colegio Santa Ana ofrece una educación en la que se busca la excelencia académica a través de una pedagogía propia, en la que la naturaleza y la felicidad de los alumnos/as&nbsp;adquieren un enorme protagonismo.</span></p>
<p style="text-align:justify"><span style="color:#000000">Al ser un centro de una única línea, el ambiente familiar se respira en todos y cada uno de sus&nbsp;rincones, dando un valor añadido a la experiencia educativa del Colegio Santa Ana.</span></p>
<p style="text-align:justify"><span style="color:#000000">Es posible que nos hayas hecho partícipes de la importante&nbsp;tarea de formar a tus hijos. Agradecemos tu confianza, pero además, te invitamos a explorar esta web, donde encontrarás información muy interesante.</span></p>
<p style="text-align:justify"><span style="color:#000000">Por último, os recordamos&nbsp;que estamos a vuestra completa disposición para todo lo que necesitéis, porque para nosotros la relación de tú a tú con nuestras familias es lo más importante. </span></p>
<p><span style="color:#000000">El Director</span></p>

<p>Situado en un enclave privilegiado, el Colegio Santa Ana ofrece una educación en la que se busca la excelencia académica a través de una pedagogía propia, en la que la naturaleza y la felicidad de los alumnos/as&nbsp;adquieren un enorme protagonismo. Al ser un centro de una única línea, el ambiente familiar se respira en todos&#8230; </p>
<div class="link-more"><a href="https://www.santaanaalcoi.es/?page_id=4327">Lea más</a></div>
