{"id":358,"date":"2016-08-08T15:39:16","date_gmt":"2016-08-08T15:39:16","guid":{"rendered":"https:\/\/santaanaalcoiweb.wordpress.com\/?page_id=358"},"modified":"2016-08-08T15:39:16","modified_gmt":"2016-08-08T15:39:16","slug":"tercero","status":"publish","type":"page","link":"https:\/\/www.santaanaalcoi.es\/?page_id=358","title":{"rendered":"Tercero"},"content":{"rendered":"<p style=\"text-align: center\"><strong>CARMEN BERNABEU\u00a0<\/strong><\/p>\n<p style=\"text-align: center\"><strong>Tutora del Aula de 3\u00ba de Primaria<\/strong><\/p>\n<p style=\"text-align: center\">Graduada en Magisterio Educaci\u00f3n Primaria\u00a0 e Infantil<\/p>\n<p style=\"text-align: center\">Menci\u00f3n en Pedagog\u00eda Terap\u00e9utica<\/p>\n<p style=\"text-align: center\">Menci\u00f3n en Audici\u00f3n y Lenguaje<\/p>\n","protected":false},"excerpt":{"rendered":"<p>CARMEN BERNABEU\u00a0 Tutora del Aula de 3\u00ba de Primaria Graduada en Magisterio Educaci\u00f3n Primaria\u00a0 e Infantil Menci\u00f3n en Pedagog\u00eda Terap\u00e9utica Menci\u00f3n en Audici\u00f3n y Lenguaje<\/p>\n","protected":false},"author":3,"featured_media":3912,"parent":335,"menu_order":3,"comment_status":"closed","ping_status":"closed","template":"","meta":{"footnotes":""},"class_list":["post-358","page","type-page","status-publish","has-post-thumbnail","hentry"],"jetpack_sharing_enabled":false,"_links":{"self":[{"href":"https:\/\/www.santaanaalcoi.es\/index.php?rest_route=\/wp\/v2\/pages\/358","targetHints":{"allow":["GET"]}}],"collection":[{"href":"https:\/\/www.santaanaalcoi.es\/index.php?rest_route=\/wp\/v2\/pages"}],"about":[{"href":"https:\/\/www.santaanaalcoi.es\/index.php?rest_route=\/wp\/v2\/types\/page"}],"author":[{"embeddable":true,"href":"https:\/\/www.santaanaalcoi.es\/index.php?rest_route=\/wp\/v2\/users\/3"}],"replies":[{"embeddable":true,"href":"https:\/\/www.santaanaalcoi.es\/index.php?rest_route=%2Fwp%2Fv2%2Fcomments&post=358"}],"version-history":[{"count":0,"href":"https:\/\/www.santaanaalcoi.es\/index.php?rest_route=\/wp\/v2\/pages\/358\/revisions"}],"up":[{"embeddable":true,"href":"https:\/\/www.santaanaalcoi.es\/index.php?rest_route=\/wp\/v2\/pages\/335"}],"wp:featuredmedia":[{"embeddable":true,"href":"https:\/\/www.santaanaalcoi.es\/index.php?rest_route=\/wp\/v2\/media\/3912"}],"wp:attachment":[{"href":"https:\/\/www.santaanaalcoi.es\/index.php?rest_route=%2Fwp%2Fv2%2Fmedia&parent=358"}],"curies":[{"name":"wp","href":"https:\/\/api.w.org\/{rel}","templated":true}]}}

<p style="text-align: center"><strong>CARMEN BERNABEU </strong></p>
<p style="text-align: center"><strong>Tutora del Aula de 3º de Primaria</strong></p>
<p style="text-align: center">Graduada en Magisterio Educación Primaria  e Infantil</p>
<p style="text-align: center">Mención en Pedagogía Terapéutica</p>
<p style="text-align: center">Mención en Audición y Lenguaje</p>

<p>CARMEN BERNABEU  Tutora del Aula de 3º de Primaria Graduada en Magisterio Educación Primaria  e Infantil Mención en Pedagogía Terapéutica Mención en Audición y Lenguaje</p>
