{"id":3288,"date":"2024-02-08T18:16:17","date_gmt":"2024-02-08T18:16:17","guid":{"rendered":"https:\/\/santaanaalcoiweb.wordpress.com\/?page_id=3288"},"modified":"2024-02-08T18:16:17","modified_gmt":"2024-02-08T18:16:17","slug":"lista-de-entradas","status":"publish","type":"page","link":"https:\/\/www.santaanaalcoi.es\/","title":{"rendered":""},"content":{"rendered":"\n<div class=\"wp-block-group alignfull\" style=\"padding-top:var(--wp--preset--spacing--70);padding-right:var(--wp--preset--spacing--50);padding-bottom:var(--wp--preset--spacing--70);padding-left:var(--wp--preset--spacing--50)\"><div class=\"wp-block-group__inner-container is-layout-constrained wp-container-core-group-is-layout-b05918e7 wp-block-group-is-layout-constrained\">\n<div class=\"wp-block-query is-layout-flow wp-block-query-is-layout-flow\"><ul class=\"wp-block-post-template is-layout-flow wp-block-post-template-is-layout-flow\"><li class=\"wp-block-post post-4306 post type-post status-publish format-standard has-post-thumbnail hentry category-sin-categoria\">\n\n<div class=\"wp-block-group\" style=\"padding-bottom:3rem\"><div class=\"wp-block-group__inner-container is-layout-constrained wp-block-group-is-layout-constrained\">\n<div class=\"wp-block-group\"><div class=\"wp-block-group__inner-container is-layout-constrained wp-block-group-is-layout-constrained\"><div class=\"wp-block-post-date\"><time datetime=\"2025-05-08T08:18:33+02:00\">8 de mayo de 2025<\/time><\/div>\n\n<h2 style=\"font-style:normal;font-weight:700;\" class=\"has-link-color wp-elements-acefc44dae35703fb1867b2796b3e3d9 wp-block-post-title\"><a href=\"https:\/\/www.santaanaalcoi.es\/?p=4306\" target=\"_self\" >FP Online Diocesanos Valencia<\/a><\/h2><\/div><\/div>\n\n\n<figure class=\"wp-block-post-featured-image\"><a href=\"https:\/\/www.santaanaalcoi.es\/?p=4306\" target=\"_self\"  ><img loading=\"lazy\" decoding=\"async\" width=\"1920\" height=\"600\" src=\"https:\/\/www.santaanaalcoi.es\/wp-content\/uploads\/2025\/05\/fp-diocesanos-desktop-1920x600-1.jpg\" class=\"attachment-post-thumbnail size-post-thumbnail wp-post-image\" alt=\"FP Online Diocesanos Valencia\" style=\"object-fit:cover;\" srcset=\"https:\/\/www.santaanaalcoi.es\/wp-content\/uploads\/2025\/05\/fp-diocesanos-desktop-1920x600-1.jpg 1920w, https:\/\/www.santaanaalcoi.es\/wp-content\/uploads\/2025\/05\/fp-diocesanos-desktop-1920x600-1-300x94.jpg 300w, https:\/\/www.santaanaalcoi.es\/wp-content\/uploads\/2025\/05\/fp-diocesanos-desktop-1920x600-1-1024x320.jpg 1024w, https:\/\/www.santaanaalcoi.es\/wp-content\/uploads\/2025\/05\/fp-diocesanos-desktop-1920x600-1-768x240.jpg 768w, https:\/\/www.santaanaalcoi.es\/wp-content\/uploads\/2025\/05\/fp-diocesanos-desktop-1920x600-1-1536x480.jpg 1536w\" sizes=\"auto, (max-width: 1920px) 100vw, 1920px\" \/><\/a><\/figure>\n\n<div class=\"wp-block-post-excerpt\"><p class=\"wp-block-post-excerpt__excerpt\">\u00a1La FP Diocesanos Valencia llega para aportar una nueva visi\u00f3n de la formaci\u00f3n online, m\u00e1s comprometida, con valores. Descubre fpdiocesanosvalencia.com Una nueva forma de impulsar tu futuro, form\u00e1ndote a tu ritmo de la mano de un grupo educativo con m\u00e1s de 25 a\u00f1os de experiencia. \ud83c\udf93 Titulaciones Oficiales \ud83d\udd1d Pr\u00e1cticas en empresas top \ud83d\udc4d Adaptada<\/p><p class=\"wp-block-post-excerpt__more-text\"><a class=\"wp-block-post-excerpt__more-link\" href=\"https:\/\/www.santaanaalcoi.es\/?p=4306\">Read more<\/a><\/p><\/div><\/div><\/div>\n\n<\/li><li class=\"wp-block-post post-4815 post type-post status-publish format-standard hentry category-sin-categoria\">\n\n<div class=\"wp-block-group\" style=\"padding-bottom:3rem\"><div class=\"wp-block-group__inner-container is-layout-constrained wp-block-group-is-layout-constrained\">\n<div class=\"wp-block-group\"><div class=\"wp-block-group__inner-container is-layout-constrained wp-block-group-is-layout-constrained\"><div class=\"wp-block-post-date\"><time datetime=\"2026-01-19T11:31:49+01:00\">19 de enero de 2026<\/time><\/div>\n\n<h2 style=\"font-style:normal;font-weight:700;\" class=\"has-link-color wp-elements-acefc44dae35703fb1867b2796b3e3d9 wp-block-post-title\"><a href=\"https:\/\/www.santaanaalcoi.es\/?p=4815\" target=\"_self\" >Sprint Trail Solidario &amp; Eco Marcha Colegio Santa Ana SR 2026<\/a><\/h2><\/div><\/div>\n\n\n\n\n<div class=\"wp-block-post-excerpt\"><p class=\"wp-block-post-excerpt__excerpt\">\u00bfConoc\u00e9is el Sprint Trail Solidario &amp; Eco Marcha Colegio Santa Ana SR ?Esta carrera es mucho m\u00e1s que una prueba deportiva: es un d\u00eda para disfrutar en familia, compartir tiempo juntos al aire libre y colaborar por una buena causa. Cada a\u00f1o nos reunimos en nuestro colegio para movernos, divertirnos y cuidar nuestro entorno natural,<\/p><p class=\"wp-block-post-excerpt__more-text\"><a class=\"wp-block-post-excerpt__more-link\" href=\"https:\/\/www.santaanaalcoi.es\/?p=4815\">Read more<\/a><\/p><\/div><\/div><\/div>\n\n<\/li><li class=\"wp-block-post post-4766 post type-post status-publish format-standard hentry category-sin-categoria\">\n\n<div class=\"wp-block-group\" style=\"padding-bottom:3rem\"><div class=\"wp-block-group__inner-container is-layout-constrained wp-block-group-is-layout-constrained\">\n<div class=\"wp-block-group\"><div class=\"wp-block-group__inner-container is-layout-constrained wp-block-group-is-layout-constrained\"><div class=\"wp-block-post-date\"><time datetime=\"2025-10-23T12:53:46+02:00\">23 de octubre de 2025<\/time><\/div>\n\n<h2 style=\"font-style:normal;font-weight:700;\" class=\"has-link-color wp-elements-acefc44dae35703fb1867b2796b3e3d9 wp-block-post-title\"><a href=\"https:\/\/www.santaanaalcoi.es\/?p=4766\" target=\"_self\" >D\u00cdA DEL COMEDOR ESCOLAR<\/a><\/h2><\/div><\/div>\n\n\n\n\n<div class=\"wp-block-post-excerpt\"><p class=\"wp-block-post-excerpt__excerpt\">ACTIVIDAD SESANVA \u00a0El pr\u00f3ximo\u00a0d\u00eda\u00a031 de octubre\u00a0os abrimos las puertas de nuestro cole y\u00a0comedor\u00a0para celebrar juntos\u00a0 el\u00a0\u00a0\u201cD\u00eda del comedor escolar\u201d, una iniciativa que persigue promover el conocimiento, la valoraci\u00f3n y el consumo informado de productos l\u00e1cteos locales. Mediante una experiencia educativa y sensorial que va a\u00a0 vincular a las familias,\u00a0comedor escolar\u00a0y al profesorado con el proceso<\/p><p class=\"wp-block-post-excerpt__more-text\"><a class=\"wp-block-post-excerpt__more-link\" href=\"https:\/\/www.santaanaalcoi.es\/?p=4766\">Read more<\/a><\/p><\/div><\/div><\/div>\n\n<\/li><li class=\"wp-block-post post-4638 post type-post status-publish format-standard has-post-thumbnail hentry category-sin-categoria\">\n\n<div class=\"wp-block-group\" style=\"padding-bottom:3rem\"><div class=\"wp-block-group__inner-container is-layout-constrained wp-block-group-is-layout-constrained\">\n<div class=\"wp-block-group\"><div class=\"wp-block-group__inner-container is-layout-constrained wp-block-group-is-layout-constrained\"><div class=\"wp-block-post-date\"><time datetime=\"2025-09-02T18:40:19+02:00\">2 de septiembre de 2025<\/time><\/div>\n\n<h2 style=\"font-style:normal;font-weight:700;\" class=\"has-link-color wp-elements-acefc44dae35703fb1867b2796b3e3d9 wp-block-post-title\"><a href=\"https:\/\/www.santaanaalcoi.es\/?p=4638\" target=\"_self\" >PRIMERA BBQ PARTY- ANTIGUOS ALUMNOS\/AS<\/a><\/h2><\/div><\/div>\n\n\n<figure class=\"wp-block-post-featured-image\"><a href=\"https:\/\/www.santaanaalcoi.es\/?p=4638\" target=\"_self\"  ><img loading=\"lazy\" decoding=\"async\" width=\"1080\" height=\"1920\" src=\"https:\/\/www.santaanaalcoi.es\/wp-content\/uploads\/2025\/09\/image0.jpeg\" class=\"attachment-post-thumbnail size-post-thumbnail wp-post-image\" alt=\"PRIMERA BBQ PARTY- ANTIGUOS ALUMNOS\/AS\" style=\"object-fit:cover;\" \/><\/a><\/figure>\n\n<div class=\"wp-block-post-excerpt\"><p class=\"wp-block-post-excerpt__excerpt\">\u00a1Ya est\u00e1 aqu\u00ed! Nuestra primera gran convivencia de antiguos\/as alumnos\/as del Colegio Santa Ana est\u00e1 en marcha, y la vamos a celebrar en forma de una fiesta alrededor de nuestra barbacoa. Una convivencia en la que podr\u00e9is asistir solos, en pareja, o con vuestros hijos\/as, porque queremos que la familia sea parte importante de este<\/p><p class=\"wp-block-post-excerpt__more-text\"><a class=\"wp-block-post-excerpt__more-link\" href=\"https:\/\/www.santaanaalcoi.es\/?p=4638\">Read more<\/a><\/p><\/div><\/div><\/div>\n\n<\/li><li class=\"wp-block-post post-4221 post type-post status-publish format-standard has-post-thumbnail hentry category-sin-categoria\">\n\n<div class=\"wp-block-group\" style=\"padding-bottom:3rem\"><div class=\"wp-block-group__inner-container is-layout-constrained wp-block-group-is-layout-constrained\">\n<div class=\"wp-block-group\"><div class=\"wp-block-group__inner-container is-layout-constrained wp-block-group-is-layout-constrained\"><div class=\"wp-block-post-date\"><time datetime=\"2025-02-26T06:51:35+01:00\">26 de febrero de 2025<\/time><\/div>\n\n<h2 style=\"font-style:normal;font-weight:700;\" class=\"has-link-color wp-elements-acefc44dae35703fb1867b2796b3e3d9 wp-block-post-title\"><a href=\"https:\/\/www.santaanaalcoi.es\/?p=4221\" target=\"_self\" >PUERTAS ABIERTAS 2025<\/a><\/h2><\/div><\/div>\n\n\n<figure class=\"wp-block-post-featured-image\"><a href=\"https:\/\/www.santaanaalcoi.es\/?p=4221\" target=\"_self\"  ><img loading=\"lazy\" decoding=\"async\" width=\"1920\" height=\"1080\" src=\"https:\/\/www.santaanaalcoi.es\/wp-content\/uploads\/2025\/02\/puertas-abiertas-25.jpg\" class=\"attachment-post-thumbnail size-post-thumbnail wp-post-image\" alt=\"PUERTAS ABIERTAS 2025\" style=\"object-fit:cover;\" srcset=\"https:\/\/www.santaanaalcoi.es\/wp-content\/uploads\/2025\/02\/puertas-abiertas-25.jpg 1920w, https:\/\/www.santaanaalcoi.es\/wp-content\/uploads\/2025\/02\/puertas-abiertas-25-300x169.jpg 300w, https:\/\/www.santaanaalcoi.es\/wp-content\/uploads\/2025\/02\/puertas-abiertas-25-1024x576.jpg 1024w, https:\/\/www.santaanaalcoi.es\/wp-content\/uploads\/2025\/02\/puertas-abiertas-25-768x432.jpg 768w, https:\/\/www.santaanaalcoi.es\/wp-content\/uploads\/2025\/02\/puertas-abiertas-25-1536x864.jpg 1536w\" sizes=\"auto, (max-width: 1920px) 100vw, 1920px\" \/><\/a><\/figure>\n\n<div class=\"wp-block-post-excerpt\"><p class=\"wp-block-post-excerpt__excerpt\">Un a\u00f1o m\u00e1s, abrimos nuestras puertas para descubras todo lo que hace especial a nuestro colegio&nbsp; Te esperamos para compartir experiencias&nbsp;&nbsp;conocer a nuestros docentes&nbsp;y explorar nuestras instalaciones RESERVA TU CITA AQU\u00cd T\u00fa haces nuestro cole perfecto&nbsp;y queremos que cada uno de vosotros form\u00e9is parte de esta gran familia&nbsp; V\u00cdDEO PROMOCIONAL CLICA AQU\u00cd \u00a1Te esperamos!<\/p><p class=\"wp-block-post-excerpt__more-text\"><a class=\"wp-block-post-excerpt__more-link\" href=\"https:\/\/www.santaanaalcoi.es\/?p=4221\">Read more<\/a><\/p><\/div><\/div><\/div>\n\n<\/li><li class=\"wp-block-post post-4214 post type-post status-publish format-standard hentry category-sin-categoria\">\n\n<div class=\"wp-block-group\" style=\"padding-bottom:3rem\"><div class=\"wp-block-group__inner-container is-layout-constrained wp-block-group-is-layout-constrained\">\n<div class=\"wp-block-group\"><div class=\"wp-block-group__inner-container is-layout-constrained wp-block-group-is-layout-constrained\"><div class=\"wp-block-post-date\"><time datetime=\"2025-02-12T06:21:49+01:00\">12 de febrero de 2025<\/time><\/div>\n\n<h2 style=\"font-style:normal;font-weight:700;\" class=\"has-link-color wp-elements-acefc44dae35703fb1867b2796b3e3d9 wp-block-post-title\"><a href=\"https:\/\/www.santaanaalcoi.es\/?p=4214\" target=\"_self\" >ELECCI\u00d3N DE LA LENGUA BASE<\/a><\/h2><\/div><\/div>\n\n\n\n\n<div class=\"wp-block-post-excerpt\"><p class=\"wp-block-post-excerpt__excerpt\">La&nbsp;Orden 2\/2025, de 7 de febrero, de la Conselleria de Educaci\u00f3n, Cultura, Universidades y Empleo, regula y convoca el procedimiento de consulta a los representantes legales del alumnado para elegir la lengua base aplicable a partir del curso escolar 2025-2026, conforme a la disposici\u00f3n transitoria segunda de la Ley 1\/2024, de 27 de junio, de<\/p><p class=\"wp-block-post-excerpt__more-text\"><a class=\"wp-block-post-excerpt__more-link\" href=\"https:\/\/www.santaanaalcoi.es\/?p=4214\">Read more<\/a><\/p><\/div><\/div><\/div>\n\n<\/li><li class=\"wp-block-post post-4065 post type-post status-publish format-standard hentry category-sin-categoria\">\n\n<div class=\"wp-block-group\" style=\"padding-bottom:3rem\"><div class=\"wp-block-group__inner-container is-layout-constrained wp-block-group-is-layout-constrained\">\n<div class=\"wp-block-group\"><div class=\"wp-block-group__inner-container is-layout-constrained wp-block-group-is-layout-constrained\"><div class=\"wp-block-post-date\"><time datetime=\"2024-10-22T16:49:02+02:00\">22 de octubre de 2024<\/time><\/div>\n\n<h2 style=\"font-style:normal;font-weight:700;\" class=\"has-link-color wp-elements-acefc44dae35703fb1867b2796b3e3d9 wp-block-post-title\"><a href=\"https:\/\/www.santaanaalcoi.es\/?p=4065\" target=\"_self\" >Jornadas SALUD MENTAL<\/a><\/h2><\/div><\/div>\n\n\n\n\n<div class=\"wp-block-post-excerpt\"><p class=\"wp-block-post-excerpt__excerpt\">\u00a0Jornadas de Orientaci\u00f3n 2024-2025 en el Colegio Santa Ana\u00a0Este curso 2024-2025, el Departamento de Orientaci\u00f3n del Colegio Santa Ana ha organizado unas JORNADAS DE SALUD MENTAL\u00a0pensadas especialmente para ayudar al alumnado y sus familias a mejorar su desarrollo emociona y personal. \u00a0Fechas: A lo largo de todo el curso 2024-2025 (de noviembre a mayo)\u00a0Lugar: Colegio<\/p><p class=\"wp-block-post-excerpt__more-text\"><a class=\"wp-block-post-excerpt__more-link\" href=\"https:\/\/www.santaanaalcoi.es\/?p=4065\">Read more<\/a><\/p><\/div><\/div><\/div>\n\n<\/li><li class=\"wp-block-post post-3613 post type-post status-publish format-standard hentry category-sin-categoria\">\n\n<div class=\"wp-block-group\" style=\"padding-bottom:3rem\"><div class=\"wp-block-group__inner-container is-layout-constrained wp-block-group-is-layout-constrained\">\n<div class=\"wp-block-group\"><div class=\"wp-block-group__inner-container is-layout-constrained wp-block-group-is-layout-constrained\"><div class=\"wp-block-post-date\"><time datetime=\"2024-05-14T09:34:43+02:00\">14 de mayo de 2024<\/time><\/div>\n\n<h2 style=\"font-style:normal;font-weight:700;\" class=\"has-link-color wp-elements-acefc44dae35703fb1867b2796b3e3d9 wp-block-post-title\"><a href=\"https:\/\/www.santaanaalcoi.es\/?p=3613\" target=\"_self\" >CONFIRMACIONES 2024<\/a><\/h2><\/div><\/div>\n\n\n\n\n<div class=\"wp-block-post-excerpt\"><p class=\"wp-block-post-excerpt__excerpt\">Cuatro alumnas del Colegio Santa Ana &nbsp;han tomado el sacramento de la confirmaci\u00f3n en una emotiva ceremonia que tuvo lugar el pasado 4 de mayo en la Parroquia de Santa Rosa. Estas j\u00f3venes: Laura Sell\u00e9s, Silvia Llorens, Ana Gen\u00eds y Fabiola Gen\u00eds &nbsp;decidieron dar un paso m\u00e1s en su fe cat\u00f3lica y comprometerse con la<\/p><p class=\"wp-block-post-excerpt__more-text\"><a class=\"wp-block-post-excerpt__more-link\" href=\"https:\/\/www.santaanaalcoi.es\/?p=3613\">Read more<\/a><\/p><\/div><\/div><\/div>\n\n<\/li><li class=\"wp-block-post post-3309 post type-post status-publish format-standard has-post-thumbnail hentry category-sin-categoria\">\n\n<div class=\"wp-block-group\" style=\"padding-bottom:3rem\"><div class=\"wp-block-group__inner-container is-layout-constrained wp-block-group-is-layout-constrained\">\n<div class=\"wp-block-group\"><div class=\"wp-block-group__inner-container is-layout-constrained wp-block-group-is-layout-constrained\"><div class=\"wp-block-post-date\"><time datetime=\"2024-02-12T15:12:21+01:00\">12 de febrero de 2024<\/time><\/div>\n\n<h2 style=\"font-style:normal;font-weight:700;\" class=\"has-link-color wp-elements-acefc44dae35703fb1867b2796b3e3d9 wp-block-post-title\"><a href=\"https:\/\/www.santaanaalcoi.es\/?p=3309\" target=\"_self\" >COLEGIO SANTA ANA, CRECEMOS CONTIGO<\/a><\/h2><\/div><\/div>\n\n\n<figure class=\"wp-block-post-featured-image\"><a href=\"https:\/\/www.santaanaalcoi.es\/?p=3309\" target=\"_self\"  ><img loading=\"lazy\" decoding=\"async\" width=\"1810\" height=\"2560\" src=\"https:\/\/www.santaanaalcoi.es\/wp-content\/uploads\/2024\/02\/cartel-santa-ana-scaled.jpg\" class=\"attachment-post-thumbnail size-post-thumbnail wp-post-image\" alt=\"COLEGIO SANTA ANA, CRECEMOS CONTIGO\" style=\"object-fit:cover;\" srcset=\"https:\/\/www.santaanaalcoi.es\/wp-content\/uploads\/2024\/02\/cartel-santa-ana-scaled.jpg 1810w, https:\/\/www.santaanaalcoi.es\/wp-content\/uploads\/2024\/02\/cartel-santa-ana-212x300.jpg 212w, https:\/\/www.santaanaalcoi.es\/wp-content\/uploads\/2024\/02\/cartel-santa-ana-724x1024.jpg 724w, https:\/\/www.santaanaalcoi.es\/wp-content\/uploads\/2024\/02\/cartel-santa-ana-768x1086.jpg 768w, https:\/\/www.santaanaalcoi.es\/wp-content\/uploads\/2024\/02\/cartel-santa-ana-1086x1536.jpg 1086w, https:\/\/www.santaanaalcoi.es\/wp-content\/uploads\/2024\/02\/cartel-santa-ana-1448x2048.jpg 1448w\" sizes=\"auto, (max-width: 1810px) 100vw, 1810px\" \/><\/a><\/figure>\n\n<div class=\"wp-block-post-excerpt\"><p class=\"wp-block-post-excerpt__excerpt\">\u00a0JORNADA PUERTAS ABIERTAS 2024 En nuestro colegio&nbsp;&nbsp;formamos una peque\u00f1a familia, donde nuestro objetivo es caminar juntos&nbsp;familia-escuela acompa\u00f1ando a nuestros alumnos\/as en su crecimiento personal y acad\u00e9mico en todas sus etapas. Si est\u00e1s interesado en conocer nuestro proyecto educativo abrimos nuestras puertas&nbsp;&nbsp;para que puedas visitarnos y resolver tus dudas.&nbsp;&nbsp;S\u00e1bado 23 de Marzo a las 11:00 \u00a0Martes<\/p><p class=\"wp-block-post-excerpt__more-text\"><a class=\"wp-block-post-excerpt__more-link\" href=\"https:\/\/www.santaanaalcoi.es\/?p=3309\">Read more<\/a><\/p><\/div><\/div><\/div>\n\n<\/li><li class=\"wp-block-post post-3206 post type-post status-publish format-standard has-post-thumbnail hentry category-sin-categoria\">\n\n<div class=\"wp-block-group\" style=\"padding-bottom:3rem\"><div class=\"wp-block-group__inner-container is-layout-constrained wp-block-group-is-layout-constrained\">\n<div class=\"wp-block-group\"><div class=\"wp-block-group__inner-container is-layout-constrained wp-block-group-is-layout-constrained\"><div class=\"wp-block-post-date\"><time datetime=\"2024-01-31T15:53:56+01:00\">31 de enero de 2024<\/time><\/div>\n\n<h2 style=\"font-style:normal;font-weight:700;\" class=\"has-link-color wp-elements-acefc44dae35703fb1867b2796b3e3d9 wp-block-post-title\"><a href=\"https:\/\/www.santaanaalcoi.es\/?p=3206\" target=\"_self\" >SPRINT TRAIL Y ECOMARCHA<\/a><\/h2><\/div><\/div>\n\n\n<figure class=\"wp-block-post-featured-image\"><a href=\"https:\/\/www.santaanaalcoi.es\/?p=3206\" target=\"_self\"  ><img loading=\"lazy\" decoding=\"async\" width=\"1131\" height=\"1600\" src=\"https:\/\/www.santaanaalcoi.es\/wp-content\/uploads\/2024\/01\/image0-1.jpeg\" class=\"attachment-post-thumbnail size-post-thumbnail wp-post-image\" alt=\"SPRINT TRAIL Y ECOMARCHA\" style=\"object-fit:cover;\" srcset=\"https:\/\/www.santaanaalcoi.es\/wp-content\/uploads\/2024\/01\/image0-1.jpeg 1131w, https:\/\/www.santaanaalcoi.es\/wp-content\/uploads\/2024\/01\/image0-1-212x300.jpeg 212w, https:\/\/www.santaanaalcoi.es\/wp-content\/uploads\/2024\/01\/image0-1-724x1024.jpeg 724w, https:\/\/www.santaanaalcoi.es\/wp-content\/uploads\/2024\/01\/image0-1-768x1086.jpeg 768w, https:\/\/www.santaanaalcoi.es\/wp-content\/uploads\/2024\/01\/image0-1-1086x1536.jpeg 1086w\" sizes=\"auto, (max-width: 1131px) 100vw, 1131px\" \/><\/a><\/figure>\n\n<div class=\"wp-block-post-excerpt\"><p class=\"wp-block-post-excerpt__excerpt\">Estimadas familias:Os informamos de que ya tenemos en marcha las inscripciones para una nueva edici\u00f3n de nuestro Sprint Trail Solidario &amp; ECO Marcha.Ya sab\u00e9is que es un d\u00eda muy especial, en el que nuestro Colegio se convierte en una\u2002fiesta del deporte y de la solidaridad, con un ambiente familiar magn\u00edfico. Al finalizar las diversas pruebas<\/p><p class=\"wp-block-post-excerpt__more-text\"><a class=\"wp-block-post-excerpt__more-link\" href=\"https:\/\/www.santaanaalcoi.es\/?p=3206\">Read more<\/a><\/p><\/div><\/div><\/div>\n\n<\/li><\/ul>\n\n<nav class=\"wp-block-query-pagination is-content-justification-space-between is-layout-flex wp-container-core-query-pagination-is-layout-3d213aab wp-block-query-pagination-is-layout-flex\" aria-label=\"Paginaci\u00f3n\">\n\n\n<div class=\"wp-block-query-pagination-numbers\"><span aria-current=\"page\" class=\"page-numbers current\">1<\/span>\n<a class=\"page-numbers\" href=\"?query-4-page=2&#038;rest_route=%2Fwp%2Fv2%2Fpages%2F3288\">2<\/a>\n<a class=\"page-numbers\" href=\"?query-4-page=3&#038;rest_route=%2Fwp%2Fv2%2Fpages%2F3288\">3<\/a>\n<span class=\"page-numbers dots\">&hellip;<\/span>\n<a class=\"page-numbers\" href=\"?query-4-page=10&#038;rest_route=%2Fwp%2Fv2%2Fpages%2F3288\">10<\/a><\/div>\n\n<a href=\"\/index.php?rest_route=%2Fwp%2Fv2%2Fpages%2F3288&#038;query-4-page=2\" class=\"wp-block-query-pagination-next\">P\u00e1gina siguiente<span class='wp-block-query-pagination-next-arrow is-arrow-chevron' aria-hidden='true'>\u00bb<\/span><\/a>\n<\/nav>\n\n<\/div>\n<\/div><\/div>\n","protected":false},"excerpt":{"rendered":"","protected":false},"author":3,"featured_media":0,"parent":0,"menu_order":0,"comment_status":"closed","ping_status":"closed","template":"","meta":{"footnotes":""},"class_list":["post-3288","page","type-page","status-publish","hentry"],"jetpack_sharing_enabled":true,"_links":{"self":[{"href":"https:\/\/www.santaanaalcoi.es\/index.php?rest_route=\/wp\/v2\/pages\/3288","targetHints":{"allow":["GET"]}}],"collection":[{"href":"https:\/\/www.santaanaalcoi.es\/index.php?rest_route=\/wp\/v2\/pages"}],"about":[{"href":"https:\/\/www.santaanaalcoi.es\/index.php?rest_route=\/wp\/v2\/types\/page"}],"author":[{"embeddable":true,"href":"https:\/\/www.santaanaalcoi.es\/index.php?rest_route=\/wp\/v2\/users\/3"}],"replies":[{"embeddable":true,"href":"https:\/\/www.santaanaalcoi.es\/index.php?rest_route=%2Fwp%2Fv2%2Fcomments&post=3288"}],"version-history":[{"count":1,"href":"https:\/\/www.santaanaalcoi.es\/index.php?rest_route=\/wp\/v2\/pages\/3288\/revisions"}],"predecessor-version":[{"id":4641,"href":"https:\/\/www.santaanaalcoi.es\/index.php?rest_route=\/wp\/v2\/pages\/3288\/revisions\/4641"}],"wp:attachment":[{"href":"https:\/\/www.santaanaalcoi.es\/index.php?rest_route=%2Fwp%2Fv2%2Fmedia&parent=3288"}],"curies":[{"name":"wp","href":"https:\/\/api.w.org\/{rel}","templated":true}]}}