{"id":28,"date":"2016-06-01T17:00:44","date_gmt":"2016-06-01T17:00:44","guid":{"rendered":"https:\/\/santaanaalcoiweb.wordpress.com\/ampa\/"},"modified":"2025-09-03T14:32:11","modified_gmt":"2025-09-03T12:32:11","slug":"ampa","status":"publish","type":"page","link":"https:\/\/www.santaanaalcoi.es\/?page_id=28","title":{"rendered":"A.M.P.A"},"content":{"rendered":"<p style=\"text-align: justify;\">Bienvenidos\/as a la Asociaci\u00f3n de Madres y Padres del Colegio Santa Ana de Alcoy. Estamos a vuestro servicio para todo aquello que pod\u00e1is necesitar.<\/p>\n<p style=\"text-align: justify;\">Pertenecemos a la Federaci\u00f3n Provincial de Asociaciones de Padres de Alumnos de Alicante (CONCAPA).<\/p>\n<p style=\"text-align: justify;\">M\u00e1s info:<\/p>\n<p style=\"text-align: justify;\">_ <a href=\"https:\/\/www.santaanaalcoi.es\/?page_id=76\">Actividades<\/a><\/p>\n<p style=\"text-align: justify;\">&#8211; <a href=\"https:\/\/www.santaanaalcoi.es\/wp-content\/uploads\/2025\/07\/ESTATUTOS-DE-LA-ASOCIACION-DE-MADRES-Y-PADRES-DE-ALUMNOS.pdf\" target=\"_blank\" rel=\"noopener\">Estatutos<\/a><\/p>\n<p style=\"text-align: justify;\">_ <a href=\"https:\/\/www.santaanaalcoi.es\/?page_id=107\">Contacto<\/a><\/p>\n<p style=\"text-align: justify;\">_ <a href=\"https:\/\/www.santaanaalcoi.es\/?page_id=94\">Horario atenci\u00f3n<\/a><\/p>\n<p style=\"text-align: justify;\">_ <a href=\"https:\/\/www.santaanaalcoi.es\/?page_id=74\">Junta Directiva<\/a><\/p>\n<p style=\"text-align: justify;\">_ <a href=\"https:\/\/www.santaanaalcoi.es\/?page_id=78\">Tarifas<\/a><\/p>\n","protected":false},"excerpt":{"rendered":"<p>Bienvenidos\/as a la Asociaci\u00f3n de Madres y Padres del Colegio Santa Ana de Alcoy. Estamos a vuestro servicio para todo aquello que pod\u00e1is necesitar. Pertenecemos a la Federaci\u00f3n Provincial de Asociaciones de Padres de Alumnos de Alicante (CONCAPA). M\u00e1s info: _ Actividades &#8211; Estatutos _ Contacto _ Horario atenci\u00f3n _ Junta Directiva _ Tarifas<\/p>\n","protected":false},"author":3,"featured_media":3085,"parent":0,"menu_order":0,"comment_status":"closed","ping_status":"closed","template":"","meta":{"footnotes":""},"class_list":["post-28","page","type-page","status-publish","has-post-thumbnail","hentry"],"jetpack_sharing_enabled":false,"_links":{"self":[{"href":"https:\/\/www.santaanaalcoi.es\/index.php?rest_route=\/wp\/v2\/pages\/28","targetHints":{"allow":["GET"]}}],"collection":[{"href":"https:\/\/www.santaanaalcoi.es\/index.php?rest_route=\/wp\/v2\/pages"}],"about":[{"href":"https:\/\/www.santaanaalcoi.es\/index.php?rest_route=\/wp\/v2\/types\/page"}],"author":[{"embeddable":true,"href":"https:\/\/www.santaanaalcoi.es\/index.php?rest_route=\/wp\/v2\/users\/3"}],"replies":[{"embeddable":true,"href":"https:\/\/www.santaanaalcoi.es\/index.php?rest_route=%2Fwp%2Fv2%2Fcomments&post=28"}],"version-history":[{"count":2,"href":"https:\/\/www.santaanaalcoi.es\/index.php?rest_route=\/wp\/v2\/pages\/28\/revisions"}],"predecessor-version":[{"id":4645,"href":"https:\/\/www.santaanaalcoi.es\/index.php?rest_route=\/wp\/v2\/pages\/28\/revisions\/4645"}],"wp:featuredmedia":[{"embeddable":true,"href":"https:\/\/www.santaanaalcoi.es\/index.php?rest_route=\/wp\/v2\/media\/3085"}],"wp:attachment":[{"href":"https:\/\/www.santaanaalcoi.es\/index.php?rest_route=%2Fwp%2Fv2%2Fmedia&parent=28"}],"curies":[{"name":"wp","href":"https:\/\/api.w.org\/{rel}","templated":true}]}}

<p style="text-align: justify;">Bienvenidos/as a la Asociación de Madres y Padres del Colegio Santa Ana de Alcoy. Estamos a vuestro servicio para todo aquello que podáis necesitar.</p>
<p style="text-align: justify;">Pertenecemos a la Federación Provincial de Asociaciones de Padres de Alumnos de Alicante (CONCAPA).</p>
<p style="text-align: justify;">Más info:</p>
<p style="text-align: justify;">_ <a href="https://www.santaanaalcoi.es/?page_id=76">Actividades</a></p>
<p style="text-align: justify;">&#8211; <a href="https://www.santaanaalcoi.es/wp-content/uploads/2025/07/ESTATUTOS-DE-LA-ASOCIACION-DE-MADRES-Y-PADRES-DE-ALUMNOS.pdf" target="_blank" rel="noopener">Estatutos</a></p>
<p style="text-align: justify;">_ <a href="https://www.santaanaalcoi.es/?page_id=107">Contacto</a></p>
<p style="text-align: justify;">_ <a href="https://www.santaanaalcoi.es/?page_id=94">Horario atención</a></p>
<p style="text-align: justify;">_ <a href="https://www.santaanaalcoi.es/?page_id=74">Junta Directiva</a></p>
<p style="text-align: justify;">_ <a href="https://www.santaanaalcoi.es/?page_id=78">Tarifas</a></p>

<p>Bienvenidos/as a la Asociación de Madres y Padres del Colegio Santa Ana de Alcoy. Estamos a vuestro servicio para todo aquello que podáis necesitar. Pertenecemos a la Federación Provincial de Asociaciones de Padres de Alumnos de Alicante (CONCAPA). Más info: _ Actividades &#8211; Estatutos _ Contacto _ Horario atención _ Junta Directiva _ Tarifas</p>
