{"id":270,"date":"2016-08-06T14:48:56","date_gmt":"2016-08-06T14:48:56","guid":{"rendered":"https:\/\/santaanaalcoiweb.wordpress.com\/?page_id=270"},"modified":"2025-09-08T18:32:04","modified_gmt":"2025-09-08T16:32:04","slug":"caracter-propio","status":"publish","type":"page","link":"https:\/\/www.santaanaalcoi.es\/?page_id=270","title":{"rendered":"CAR\u00c1CTER PROPIO"},"content":{"rendered":"<p style=\"text-align: justify;\">El Colegio\u00a0Santa Ana de Alcoy es un centro cristiano, perteneciente a la Fundaci\u00f3n de Colegios Diocesanos San Vicente M\u00e1rtir, cuya titularidad corresponde a la Parroquia de Santa Rosa.<\/p>\n<p style=\"text-align: justify;\">En el siguiente enlace se puede consultar el car\u00e1cter propio de los Colegios Diocesanos:<\/p>\n<p style=\"text-align: justify;\"><a title=\"CaracterPropio\" href=\"https:\/\/santaanaalcoi.es\/wp-content\/uploads\/2016\/08\/caracterpropio.pdf\" target=\"_blank\" rel=\"noopener\">Car\u00e1cter Propio<\/a><\/p>\n","protected":false},"excerpt":{"rendered":"<p>El Colegio\u00a0Santa Ana de Alcoy es un centro cristiano, perteneciente a la Fundaci\u00f3n de Colegios Diocesanos San Vicente M\u00e1rtir, cuya titularidad corresponde a la Parroquia de Santa Rosa. En el siguiente enlace se puede consultar el car\u00e1cter propio de los Colegios Diocesanos: Car\u00e1cter Propio<\/p>\n","protected":false},"author":3,"featured_media":2920,"parent":4327,"menu_order":0,"comment_status":"closed","ping_status":"closed","template":"","meta":{"footnotes":""},"class_list":["post-270","page","type-page","status-publish","has-post-thumbnail","hentry"],"jetpack_sharing_enabled":false,"_links":{"self":[{"href":"https:\/\/www.santaanaalcoi.es\/index.php?rest_route=\/wp\/v2\/pages\/270","targetHints":{"allow":["GET"]}}],"collection":[{"href":"https:\/\/www.santaanaalcoi.es\/index.php?rest_route=\/wp\/v2\/pages"}],"about":[{"href":"https:\/\/www.santaanaalcoi.es\/index.php?rest_route=\/wp\/v2\/types\/page"}],"author":[{"embeddable":true,"href":"https:\/\/www.santaanaalcoi.es\/index.php?rest_route=\/wp\/v2\/users\/3"}],"replies":[{"embeddable":true,"href":"https:\/\/www.santaanaalcoi.es\/index.php?rest_route=%2Fwp%2Fv2%2Fcomments&post=270"}],"version-history":[{"count":1,"href":"https:\/\/www.santaanaalcoi.es\/index.php?rest_route=\/wp\/v2\/pages\/270\/revisions"}],"predecessor-version":[{"id":4709,"href":"https:\/\/www.santaanaalcoi.es\/index.php?rest_route=\/wp\/v2\/pages\/270\/revisions\/4709"}],"up":[{"embeddable":true,"href":"https:\/\/www.santaanaalcoi.es\/index.php?rest_route=\/wp\/v2\/pages\/4327"}],"wp:featuredmedia":[{"embeddable":true,"href":"https:\/\/www.santaanaalcoi.es\/index.php?rest_route=\/wp\/v2\/media\/2920"}],"wp:attachment":[{"href":"https:\/\/www.santaanaalcoi.es\/index.php?rest_route=%2Fwp%2Fv2%2Fmedia&parent=270"}],"curies":[{"name":"wp","href":"https:\/\/api.w.org\/{rel}","templated":true}]}}

CARÁCTER PROPIO

<p style="text-align: justify;">El Colegio Santa Ana de Alcoy es un centro cristiano, perteneciente a la Fundación de Colegios Diocesanos San Vicente Mártir, cuya titularidad corresponde a la Parroquia de Santa Rosa.</p>
<p style="text-align: justify;">En el siguiente enlace se puede consultar el carácter propio de los Colegios Diocesanos:</p>
<p style="text-align: justify;"><a title="CaracterPropio" href="https://santaanaalcoi.es/wp-content/uploads/2016/08/caracterpropio.pdf" target="_blank" rel="noopener">Carácter Propio</a></p>

<p>El Colegio Santa Ana de Alcoy es un centro cristiano, perteneciente a la Fundación de Colegios Diocesanos San Vicente Mártir, cuya titularidad corresponde a la Parroquia de Santa Rosa. En el siguiente enlace se puede consultar el carácter propio de los Colegios Diocesanos: Carácter Propio</p>
