{"id":2473,"date":"2022-02-28T16:13:40","date_gmt":"2022-02-28T16:13:40","guid":{"rendered":"https:\/\/santaanaalcoiweb.wordpress.com\/?page_id=2473"},"modified":"2022-02-28T16:13:40","modified_gmt":"2022-02-28T16:13:40","slug":"uke-radio","status":"publish","type":"page","link":"https:\/\/www.santaanaalcoi.es\/?page_id=2473","title":{"rendered":"UKE R\u00c0DIO"},"content":{"rendered":"\n<p>En l&#8217;APS Uke-R\u00e0dio proposem que la m\u00fasica siga l\u2019eix vertebrador del projecte, que done cabuda a con\u00e8ixer cultures diferents i potencie l\u2019\u00fas de les lleng\u00fces cooficials amb el folklore tradicional valenci\u00e0.<br>Volem realitzar un programa de r\u00e0dio on es parle de m\u00fasica i de la cultura que envolta a aquesta, on cada xiquet\/a puga investigar sobre les seues inquietuds culturals i expressar-ho en aquest format radiof\u00f2nic tan atractiu per a ells.<\/p>\n\n\n\n<p>Ac\u00ed pots accedir als nostres podcasts:<\/p>\n\n\n\n<figure class=\"wp-block-embed is-type-rich is-provider-gestor-del-servicio wp-block-embed-gestor-del-servicio wp-embed-aspect-16-9 wp-has-aspect-ratio\"><div class=\"wp-block-embed__wrapper\">\n<div class=\"jetpack-video-wrapper\"><div class=\"embed-youtube\"><iframe loading=\"lazy\" title=\"UKE R\u00c0DIO PROGRAMA 1: Entrevista als regidors Jordi Silvestre i Aranza de Gracia.\" width=\"1000\" height=\"563\" src=\"https:\/\/www.youtube.com\/embed\/59hreTBY9WM?feature=oembed\" frameborder=\"0\" allow=\"accelerometer; autoplay; clipboard-write; encrypted-media; gyroscope; picture-in-picture; web-share\" referrerpolicy=\"strict-origin-when-cross-origin\" allowfullscreen><\/iframe><\/div><\/div>\n<\/div><\/figure>\n","protected":false},"excerpt":{"rendered":"<p>En l&#8217;APS Uke-R\u00e0dio proposem que la m\u00fasica siga l\u2019eix vertebrador del projecte, que done cabuda a con\u00e8ixer cultures diferents i potencie l\u2019\u00fas de les lleng\u00fces cooficials amb el folklore tradicional valenci\u00e0.Volem realitzar un programa de r\u00e0dio on es parle de m\u00fasica i de la cultura que envolta a aquesta, on cada xiquet\/a puga investigar sobre&#8230; <\/p>\n<div class=\"link-more\"><a href=\"https:\/\/www.santaanaalcoi.es\/?page_id=2473\">Lea m\u00e1s<\/a><\/div>\n","protected":false},"author":3,"featured_media":2928,"parent":0,"menu_order":0,"comment_status":"closed","ping_status":"closed","template":"","meta":{"footnotes":""},"class_list":["post-2473","page","type-page","status-publish","has-post-thumbnail","hentry"],"jetpack_sharing_enabled":true,"_links":{"self":[{"href":"https:\/\/www.santaanaalcoi.es\/index.php?rest_route=\/wp\/v2\/pages\/2473","targetHints":{"allow":["GET"]}}],"collection":[{"href":"https:\/\/www.santaanaalcoi.es\/index.php?rest_route=\/wp\/v2\/pages"}],"about":[{"href":"https:\/\/www.santaanaalcoi.es\/index.php?rest_route=\/wp\/v2\/types\/page"}],"author":[{"embeddable":true,"href":"https:\/\/www.santaanaalcoi.es\/index.php?rest_route=\/wp\/v2\/users\/3"}],"replies":[{"embeddable":true,"href":"https:\/\/www.santaanaalcoi.es\/index.php?rest_route=%2Fwp%2Fv2%2Fcomments&post=2473"}],"version-history":[{"count":0,"href":"https:\/\/www.santaanaalcoi.es\/index.php?rest_route=\/wp\/v2\/pages\/2473\/revisions"}],"wp:featuredmedia":[{"embeddable":true,"href":"https:\/\/www.santaanaalcoi.es\/index.php?rest_route=\/wp\/v2\/media\/2928"}],"wp:attachment":[{"href":"https:\/\/www.santaanaalcoi.es\/index.php?rest_route=%2Fwp%2Fv2%2Fmedia&parent=2473"}],"curies":[{"name":"wp","href":"https:\/\/api.w.org\/{rel}","templated":true}]}}

UKE RÀDIO

<p>En l&#8217;APS Uke-Ràdio proposem que la música siga l’eix vertebrador del projecte, que done cabuda a conèixer cultures diferents i potencie l’ús de les llengües cooficials amb el folklore tradicional valencià.<br>Volem realitzar un programa de ràdio on es parle de música i de la cultura que envolta a aquesta, on cada xiquet/a puga investigar sobre les seues inquietuds culturals i expressar-ho en aquest format radiofònic tan atractiu per a ells.</p>



<p>Ací pots accedir als nostres podcasts:</p>



<figure class="wp-block-embed is-type-rich is-provider-gestor-del-servicio wp-block-embed-gestor-del-servicio wp-embed-aspect-16-9 wp-has-aspect-ratio"><div class="wp-block-embed__wrapper">
<div class="jetpack-video-wrapper"><div class="embed-youtube"><iframe loading="lazy" title="UKE RÀDIO PROGRAMA 1: Entrevista als regidors Jordi Silvestre i Aranza de Gracia." width="1000" height="563" src="https://www.youtube.com/embed/59hreTBY9WM?feature=oembed" frameborder="0" allow="accelerometer; autoplay; clipboard-write; encrypted-media; gyroscope; picture-in-picture; web-share" referrerpolicy="strict-origin-when-cross-origin" allowfullscreen></iframe></div></div>
</div></figure>

<p>En l&#8217;APS Uke-Ràdio proposem que la música siga l’eix vertebrador del projecte, que done cabuda a conèixer cultures diferents i potencie l’ús de les llengües cooficials amb el folklore tradicional valencià.Volem realitzar un programa de ràdio on es parle de música i de la cultura que envolta a aquesta, on cada xiquet/a puga investigar sobre&#8230; </p>
<div class="link-more"><a href="https://www.santaanaalcoi.es/?page_id=2473">Lea más</a></div>
