{"id":216,"date":"2016-07-19T14:31:36","date_gmt":"2016-07-19T14:31:36","guid":{"rendered":"https:\/\/santaanaalcoiweb.wordpress.com\/?page_id=216"},"modified":"2025-08-18T11:46:11","modified_gmt":"2025-08-18T09:46:11","slug":"horarios","status":"publish","type":"page","link":"https:\/\/www.santaanaalcoi.es\/?page_id=216","title":{"rendered":"Informaci\u00f3n general"},"content":{"rendered":"<p><strong>Horario<\/strong><\/p>\n<ul>\n<li>Septiembre y junio: de 9:00 a 13:00h.<\/li>\n<li>Octubre a\u00a0 mayo: de 9:00 a 14:00h.<\/li>\n<\/ul>\n<p><strong>Entradas y salidas<\/strong><\/p>\n<p>Se accede a las aulas\u00a0 de Infantil por la puerta del parking. Dicho acceso se abrir\u00e1 todos los d\u00edas 10 minutos antes de la hora de inicio y se cerrar\u00e1 5 minutos despu\u00e9s de esta.<\/p>\n<p>Se ruega la m\u00e1xima puntualidad. Una vez cerrada la puerta de acceso aquellos ni\u00f1os que se incorporen\u00a0 m\u00e1s tarde deber\u00e1n acceder al colegio por la secretar\u00eda del centro y esperar con la persona que los haya tra\u00eddo hasta que una profesora de infantil los recoja.<\/p>\n<p>De forma diaria los alumnos deber\u00e1n acceder solos a sus respectivas clases, exceptuando a los ni\u00f1os de tres a\u00f1os durante el tiempo de adaptaci\u00f3n. Cualquier comunicaci\u00f3n que teng\u00e1is se realizar\u00e1 trav\u00e9s de la plataforma Itaca o mediante correo electr\u00f3nico.<\/p>\n<p><strong>Retrasos y ausencias<\/strong><\/p>\n<p>Si por alg\u00fan motivo va a entrar m\u00e1s tarde de las 9 horas o ten\u00e9is que recogerlo antes de finalizar la jornada, deb\u00e9is pasar secretar\u00eda.\u00a0 Es conveniente avisar previamente a la tutora.<\/p>\n<p><strong>\u00a0<\/strong><strong>\u00bfQu\u00e9 ocurre si el alumno\/a se pone enfermo?<\/strong><\/p>\n<p>El ni\u00f1o\/a no debe asistir al centro cuando\u00a0 tenga alg\u00fan tipo de enfermedad contagiosa, fiebre o piojos. Pensad en el bien com\u00fan.\u00a0 Por ley, el colegio no podr\u00e1 suministrar medicamentos por parte del profesorado del mismo. Solo en caso de enfermedades cr\u00f3nicas y con autorizaci\u00f3n escrita de su m\u00e9dico y de los padres.<\/p>\n","protected":false},"excerpt":{"rendered":"<p>Horario Septiembre y junio: de 9:00 a 13:00h. Octubre a\u00a0 mayo: de 9:00 a 14:00h. Entradas y salidas Se accede a las aulas\u00a0 de Infantil por la puerta del parking. Dicho acceso se abrir\u00e1 todos los d\u00edas 10 minutos antes de la hora de inicio y se cerrar\u00e1 5 minutos despu\u00e9s de esta. Se ruega&#8230; <\/p>\n<div class=\"link-more\"><a href=\"https:\/\/www.santaanaalcoi.es\/?page_id=216\">Lea m\u00e1s<\/a><\/div>\n","protected":false},"author":3,"featured_media":4590,"parent":65,"menu_order":0,"comment_status":"closed","ping_status":"closed","template":"","meta":{"footnotes":""},"class_list":["post-216","page","type-page","status-publish","has-post-thumbnail","hentry"],"jetpack_sharing_enabled":false,"_links":{"self":[{"href":"https:\/\/www.santaanaalcoi.es\/index.php?rest_route=\/wp\/v2\/pages\/216","targetHints":{"allow":["GET"]}}],"collection":[{"href":"https:\/\/www.santaanaalcoi.es\/index.php?rest_route=\/wp\/v2\/pages"}],"about":[{"href":"https:\/\/www.santaanaalcoi.es\/index.php?rest_route=\/wp\/v2\/types\/page"}],"author":[{"embeddable":true,"href":"https:\/\/www.santaanaalcoi.es\/index.php?rest_route=\/wp\/v2\/users\/3"}],"replies":[{"embeddable":true,"href":"https:\/\/www.santaanaalcoi.es\/index.php?rest_route=%2Fwp%2Fv2%2Fcomments&post=216"}],"version-history":[{"count":4,"href":"https:\/\/www.santaanaalcoi.es\/index.php?rest_route=\/wp\/v2\/pages\/216\/revisions"}],"predecessor-version":[{"id":4621,"href":"https:\/\/www.santaanaalcoi.es\/index.php?rest_route=\/wp\/v2\/pages\/216\/revisions\/4621"}],"up":[{"embeddable":true,"href":"https:\/\/www.santaanaalcoi.es\/index.php?rest_route=\/wp\/v2\/pages\/65"}],"wp:featuredmedia":[{"embeddable":true,"href":"https:\/\/www.santaanaalcoi.es\/index.php?rest_route=\/wp\/v2\/media\/4590"}],"wp:attachment":[{"href":"https:\/\/www.santaanaalcoi.es\/index.php?rest_route=%2Fwp%2Fv2%2Fmedia&parent=216"}],"curies":[{"name":"wp","href":"https:\/\/api.w.org\/{rel}","templated":true}]}}

Información general

<p><strong>Horario</strong></p>
<ul>
<li>Septiembre y junio: de 9:00 a 13:00h.</li>
<li>Octubre a  mayo: de 9:00 a 14:00h.</li>
</ul>
<p><strong>Entradas y salidas</strong></p>
<p>Se accede a las aulas  de Infantil por la puerta del parking. Dicho acceso se abrirá todos los días 10 minutos antes de la hora de inicio y se cerrará 5 minutos después de esta.</p>
<p>Se ruega la máxima puntualidad. Una vez cerrada la puerta de acceso aquellos niños que se incorporen  más tarde deberán acceder al colegio por la secretaría del centro y esperar con la persona que los haya traído hasta que una profesora de infantil los recoja.</p>
<p>De forma diaria los alumnos deberán acceder solos a sus respectivas clases, exceptuando a los niños de tres años durante el tiempo de adaptación. Cualquier comunicación que tengáis se realizará través de la plataforma Itaca o mediante correo electrónico.</p>
<p><strong>Retrasos y ausencias</strong></p>
<p>Si por algún motivo va a entrar más tarde de las 9 horas o tenéis que recogerlo antes de finalizar la jornada, debéis pasar secretaría.  Es conveniente avisar previamente a la tutora.</p>
<p><strong> </strong><strong>¿Qué ocurre si el alumno/a se pone enfermo?</strong></p>
<p>El niño/a no debe asistir al centro cuando  tenga algún tipo de enfermedad contagiosa, fiebre o piojos. Pensad en el bien común.  Por ley, el colegio no podrá suministrar medicamentos por parte del profesorado del mismo. Solo en caso de enfermedades crónicas y con autorización escrita de su médico y de los padres.</p>

<p>Horario Septiembre y junio: de 9:00 a 13:00h. Octubre a  mayo: de 9:00 a 14:00h. Entradas y salidas Se accede a las aulas  de Infantil por la puerta del parking. Dicho acceso se abrirá todos los días 10 minutos antes de la hora de inicio y se cerrará 5 minutos después de esta. Se ruega&#8230; </p>
<div class="link-more"><a href="https://www.santaanaalcoi.es/?page_id=216">Lea más</a></div>
