{"id":2068,"date":"2019-02-05T16:23:33","date_gmt":"2019-02-05T16:23:33","guid":{"rendered":"https:\/\/santaanaalcoiweb.wordpress.com\/?page_id=2068"},"modified":"2025-10-16T13:04:57","modified_gmt":"2025-10-16T11:04:57","slug":"actividades-comedor","status":"publish","type":"page","link":"https:\/\/www.santaanaalcoi.es\/?page_id=2068","title":{"rendered":"Proyecto Educativo"},"content":{"rendered":"<p>En\u00a0Serunion, alimentaci\u00f3n y educaci\u00f3n van de la mano. Nuestro firme compromiso con la educaci\u00f3n hace que nuestra labor vaya m\u00e1s all\u00e1 de ofrecer el mejor servicio de restauraci\u00f3n y nos impliquemos tambi\u00e9n en la formaci\u00f3n de los escolares.<\/p>\n<p>Nuestros monitores ponen todo su empe\u00f1o en convertir el comedor escolar y el patio en espacios educativos basados en tres pilares principales:<\/p>\n<p>\u2022<strong>Educaci\u00f3n para la salud.\u00a0<\/strong>Crear h\u00e1bitos saludables, educar en una alimentaci\u00f3n equilibrada y promover la vida activa.<\/p>\n<p>\u2022<strong>Educaci\u00f3n para la sostenibilidad.\u00a0<\/strong>Cuidar del medio ambiente, promover el reciclaje y aprovechar los recursos.<\/p>\n<p>\u2022<strong>Educaci\u00f3n para la convivencia.\u00a0<\/strong>Fomentar la cooperaci\u00f3n, promover la responsabilidad social y potenciar la igualdad y el respeto.<\/p>\n<p style=\"text-align: left;\">Nuestro proyecto educativo anual contempla diferentes talleres y actividades a trav\u00e9s de los cuales los m\u00e1s peque\u00f1os conocen los productos y su estacionalidad, la importancia de la actividad f\u00edsica y la higiene o algunas de las tradiciones gastron\u00f3micas de su territorio. Asimismo, se ense\u00f1a a los m\u00e1s peque\u00f1os la importancia de minimizar el impacto de nuestras actividades en el entorno, fomentando el reciclaje y la sostenibilidad.<\/p>\n<p>A continuaci\u00f3n pod\u00e9is encontrar el horario de las diferentes actividades del proyecto para este curso 25-26:<\/p>\n<p><a href=\"https:\/\/www.santaanaalcoi.es\/wp-content\/uploads\/2025\/10\/horario-actividades-vespertinas-2025-2026.pdf\">Horario actividades vespertinas 2025-2026<\/a><\/p>\n","protected":false},"excerpt":{"rendered":"<p>En\u00a0Serunion, alimentaci\u00f3n y educaci\u00f3n van de la mano. Nuestro firme compromiso con la educaci\u00f3n hace que nuestra labor vaya m\u00e1s all\u00e1 de ofrecer el mejor servicio de restauraci\u00f3n y nos impliquemos tambi\u00e9n en la formaci\u00f3n de los escolares. Nuestros monitores ponen todo su empe\u00f1o en convertir el comedor escolar y el patio en espacios educativos&#8230; <\/p>\n<div class=\"link-more\"><a href=\"https:\/\/www.santaanaalcoi.es\/?page_id=2068\">Lea m\u00e1s<\/a><\/div>\n","protected":false},"author":3,"featured_media":2731,"parent":0,"menu_order":0,"comment_status":"closed","ping_status":"closed","template":"","meta":{"footnotes":""},"class_list":["post-2068","page","type-page","status-publish","has-post-thumbnail","hentry"],"jetpack_sharing_enabled":false,"_links":{"self":[{"href":"https:\/\/www.santaanaalcoi.es\/index.php?rest_route=\/wp\/v2\/pages\/2068","targetHints":{"allow":["GET"]}}],"collection":[{"href":"https:\/\/www.santaanaalcoi.es\/index.php?rest_route=\/wp\/v2\/pages"}],"about":[{"href":"https:\/\/www.santaanaalcoi.es\/index.php?rest_route=\/wp\/v2\/types\/page"}],"author":[{"embeddable":true,"href":"https:\/\/www.santaanaalcoi.es\/index.php?rest_route=\/wp\/v2\/users\/3"}],"replies":[{"embeddable":true,"href":"https:\/\/www.santaanaalcoi.es\/index.php?rest_route=%2Fwp%2Fv2%2Fcomments&post=2068"}],"version-history":[{"count":1,"href":"https:\/\/www.santaanaalcoi.es\/index.php?rest_route=\/wp\/v2\/pages\/2068\/revisions"}],"predecessor-version":[{"id":4759,"href":"https:\/\/www.santaanaalcoi.es\/index.php?rest_route=\/wp\/v2\/pages\/2068\/revisions\/4759"}],"wp:featuredmedia":[{"embeddable":true,"href":"https:\/\/www.santaanaalcoi.es\/index.php?rest_route=\/wp\/v2\/media\/2731"}],"wp:attachment":[{"href":"https:\/\/www.santaanaalcoi.es\/index.php?rest_route=%2Fwp%2Fv2%2Fmedia&parent=2068"}],"curies":[{"name":"wp","href":"https:\/\/api.w.org\/{rel}","templated":true}]}}

<p>En Serunion, alimentación y educación van de la mano. Nuestro firme compromiso con la educación hace que nuestra labor vaya más allá de ofrecer el mejor servicio de restauración y nos impliquemos también en la formación de los escolares.</p>
<p>Nuestros monitores ponen todo su empeño en convertir el comedor escolar y el patio en espacios educativos basados en tres pilares principales:</p>
<p>•<strong>Educación para la salud. </strong>Crear hábitos saludables, educar en una alimentación equilibrada y promover la vida activa.</p>
<p>•<strong>Educación para la sostenibilidad. </strong>Cuidar del medio ambiente, promover el reciclaje y aprovechar los recursos.</p>
<p>•<strong>Educación para la convivencia. </strong>Fomentar la cooperación, promover la responsabilidad social y potenciar la igualdad y el respeto.</p>
<p style="text-align: left;">Nuestro proyecto educativo anual contempla diferentes talleres y actividades a través de los cuales los más pequeños conocen los productos y su estacionalidad, la importancia de la actividad física y la higiene o algunas de las tradiciones gastronómicas de su territorio. Asimismo, se enseña a los más pequeños la importancia de minimizar el impacto de nuestras actividades en el entorno, fomentando el reciclaje y la sostenibilidad.</p>
<p>A continuación podéis encontrar el horario de las diferentes actividades del proyecto para este curso 25-26:</p>
<p><a href="https://www.santaanaalcoi.es/wp-content/uploads/2025/10/horario-actividades-vespertinas-2025-2026.pdf">Horario actividades vespertinas 2025-2026</a></p>

<p>En Serunion, alimentación y educación van de la mano. Nuestro firme compromiso con la educación hace que nuestra labor vaya más allá de ofrecer el mejor servicio de restauración y nos impliquemos también en la formación de los escolares. Nuestros monitores ponen todo su empeño en convertir el comedor escolar y el patio en espacios educativos&#8230; </p>
<div class="link-more"><a href="https://www.santaanaalcoi.es/?page_id=2068">Lea más</a></div>
