{"id":1997,"date":"2018-09-18T15:43:18","date_gmt":"2018-09-18T15:43:18","guid":{"rendered":"https:\/\/santaanaalcoiweb.wordpress.com\/?page_id=1997"},"modified":"2025-09-03T15:04:22","modified_gmt":"2025-09-03T13:04:22","slug":"apoyo-infantil","status":"publish","type":"page","link":"https:\/\/www.santaanaalcoi.es\/?page_id=1997","title":{"rendered":"Tutora de 4 a\u00f1os"},"content":{"rendered":"<p style=\"text-align: center;\">ANA MAR\u00cdA JARR\u00cdN S\u00c1NCHEZ<\/p>\n<p style=\"text-align: center;\"><strong>Maestra de 4 a\u00f1os &#8211; Curso 2025-26<\/strong><\/p>\n<p style=\"text-align: center;\"><strong>Diplomada en Magisterio Educaci\u00f3n Infantil<\/strong><\/p>\n\n<div class=\"wp-block-image is-style-rounded\">\n<figure class=\"aligncenter size-large is-resized\"><img decoding=\"async\" src=\"http:\/\/www.santaanaalcoi.es\/wp-content\/uploads\/2024\/07\/jarrin-sanchez-ana-mariadsc06327-7.jpg?w=896\" alt=\"\" class=\"wp-image-3781\" style=\"width:153px;height:auto\"\/><\/figure>\n<\/div>","protected":false},"excerpt":{"rendered":"<p>ANA MAR\u00cdA JARR\u00cdN S\u00c1NCHEZ Maestra de 4 a\u00f1os &#8211; Curso 2025-26 Diplomada en Magisterio Educaci\u00f3n Infantil<\/p>\n","protected":false},"author":3,"featured_media":0,"parent":0,"menu_order":0,"comment_status":"closed","ping_status":"closed","template":"","meta":{"footnotes":""},"class_list":["post-1997","page","type-page","status-publish","hentry"],"jetpack_sharing_enabled":true,"_links":{"self":[{"href":"https:\/\/www.santaanaalcoi.es\/index.php?rest_route=\/wp\/v2\/pages\/1997","targetHints":{"allow":["GET"]}}],"collection":[{"href":"https:\/\/www.santaanaalcoi.es\/index.php?rest_route=\/wp\/v2\/pages"}],"about":[{"href":"https:\/\/www.santaanaalcoi.es\/index.php?rest_route=\/wp\/v2\/types\/page"}],"author":[{"embeddable":true,"href":"https:\/\/www.santaanaalcoi.es\/index.php?rest_route=\/wp\/v2\/users\/3"}],"replies":[{"embeddable":true,"href":"https:\/\/www.santaanaalcoi.es\/index.php?rest_route=%2Fwp%2Fv2%2Fcomments&post=1997"}],"version-history":[{"count":2,"href":"https:\/\/www.santaanaalcoi.es\/index.php?rest_route=\/wp\/v2\/pages\/1997\/revisions"}],"predecessor-version":[{"id":4667,"href":"https:\/\/www.santaanaalcoi.es\/index.php?rest_route=\/wp\/v2\/pages\/1997\/revisions\/4667"}],"wp:attachment":[{"href":"https:\/\/www.santaanaalcoi.es\/index.php?rest_route=%2Fwp%2Fv2%2Fmedia&parent=1997"}],"curies":[{"name":"wp","href":"https:\/\/api.w.org\/{rel}","templated":true}]}}

Tutora de 4 años

<p style="text-align: center;">ANA MARÍA JARRÍN SÁNCHEZ</p>
<p style="text-align: center;"><strong>Maestra de 4 años &#8211; Curso 2025-26</strong></p>
<p style="text-align: center;"><strong>Diplomada en Magisterio Educación Infantil</strong></p>

<div class="wp-block-image is-style-rounded">
<figure class="aligncenter size-large is-resized"><img decoding="async" src="http://www.santaanaalcoi.es/wp-content/uploads/2024/07/jarrin-sanchez-ana-mariadsc06327-7.jpg?w=896" alt="" class="wp-image-3781" style="width:153px;height:auto"/></figure>
</div>

<p>ANA MARÍA JARRÍN SÁNCHEZ Maestra de 4 años &#8211; Curso 2025-26 Diplomada en Magisterio Educación Infantil</p>
