{"id":186,"date":"2016-07-11T19:05:03","date_gmt":"2016-07-11T19:05:03","guid":{"rendered":"https:\/\/santaanaalcoiweb.wordpress.com\/?page_id=186"},"modified":"2016-07-11T19:05:03","modified_gmt":"2016-07-11T19:05:03","slug":"unicos","status":"publish","type":"page","link":"https:\/\/www.santaanaalcoi.es\/?page_id=186","title":{"rendered":"\u00a1\u00danicos!"},"content":{"rendered":"<p style=\"text-align:justify\">Aquello que nos diferencia es aquello que nos hace \u00fanicos, y por lo que cada vez m\u00e1s familias conf\u00edan la educaci\u00f3n de sus hijos a nuestras maestras.<\/p>\n<ul>\n<li style=\"text-align:justify\">Homologada por Conseller\u00eda.<\/li>\n<li style=\"text-align:justify\">N\u00famero de alumnos seg\u00fan la ratio legal.<\/li>\n<li style=\"text-align:justify\">Espacios que mejoran la normativa de habitabilidad.<\/li>\n<li style=\"text-align:justify\">Luz y ventilaci\u00f3n natural en todas las aulas.<\/li>\n<li style=\"text-align:justify\">Aulas con tarima flotante, en las que nuestros alumnos se desplazan&nbsp;sin zapatos.<\/li>\n<li style=\"text-align:justify\">Educaci\u00f3n pluriling\u00fce: Valenci\u00e0, Castellano e Ingl\u00e9s.<\/li>\n<li style=\"text-align:justify\">Docentes titulados y con la acreditaci\u00f3n de competencias en Ingl\u00e9s, adem\u00e1s de la capacitaci\u00f3n en Valenci\u00e0.<\/li>\n<li style=\"text-align:justify\">Zona de aparcamiento.<\/li>\n<li style=\"text-align:justify\">Aula de psicomotricidad.<\/li>\n<li style=\"text-align:justify\">Aula de nuevas tecnolog\u00edas.<\/li>\n<li style=\"text-align:justify\">Pistas y zonas al aire libre cercanas al medio natural.<\/li>\n<li style=\"text-align:justify\">Huerto Escolar.<\/li>\n<li style=\"text-align:justify\">Servicio de comedor con cocina propia y adaptado a las diferentes necesidades.<\/li>\n<li style=\"text-align:justify\">Servicio de Psicolog\u00eda infantil.<\/li>\n<\/ul>\n","protected":false},"excerpt":{"rendered":"<p>Aquello que nos diferencia es aquello que nos hace \u00fanicos, y por lo que cada vez m\u00e1s familias conf\u00edan la educaci\u00f3n de sus hijos a nuestras maestras. Homologada por Conseller\u00eda. N\u00famero de alumnos seg\u00fan la ratio legal. Espacios que mejoran la normativa de habitabilidad. Luz y ventilaci\u00f3n natural en todas las aulas. Aulas con tarima&#8230; <\/p>\n<div class=\"link-more\"><a href=\"https:\/\/www.santaanaalcoi.es\/?page_id=186\">Lea m\u00e1s<\/a><\/div>\n","protected":false},"author":3,"featured_media":2691,"parent":63,"menu_order":0,"comment_status":"closed","ping_status":"closed","template":"","meta":{"footnotes":""},"class_list":["post-186","page","type-page","status-publish","has-post-thumbnail","hentry"],"jetpack_sharing_enabled":false,"_links":{"self":[{"href":"https:\/\/www.santaanaalcoi.es\/index.php?rest_route=\/wp\/v2\/pages\/186","targetHints":{"allow":["GET"]}}],"collection":[{"href":"https:\/\/www.santaanaalcoi.es\/index.php?rest_route=\/wp\/v2\/pages"}],"about":[{"href":"https:\/\/www.santaanaalcoi.es\/index.php?rest_route=\/wp\/v2\/types\/page"}],"author":[{"embeddable":true,"href":"https:\/\/www.santaanaalcoi.es\/index.php?rest_route=\/wp\/v2\/users\/3"}],"replies":[{"embeddable":true,"href":"https:\/\/www.santaanaalcoi.es\/index.php?rest_route=%2Fwp%2Fv2%2Fcomments&post=186"}],"version-history":[{"count":0,"href":"https:\/\/www.santaanaalcoi.es\/index.php?rest_route=\/wp\/v2\/pages\/186\/revisions"}],"up":[{"embeddable":true,"href":"https:\/\/www.santaanaalcoi.es\/index.php?rest_route=\/wp\/v2\/pages\/63"}],"wp:featuredmedia":[{"embeddable":true,"href":"https:\/\/www.santaanaalcoi.es\/index.php?rest_route=\/wp\/v2\/media\/2691"}],"wp:attachment":[{"href":"https:\/\/www.santaanaalcoi.es\/index.php?rest_route=%2Fwp%2Fv2%2Fmedia&parent=186"}],"curies":[{"name":"wp","href":"https:\/\/api.w.org\/{rel}","templated":true}]}}

¡Únicos!

<p style="text-align:justify">Aquello que nos diferencia es aquello que nos hace únicos, y por lo que cada vez más familias confían la educación de sus hijos a nuestras maestras.</p>
<ul>
<li style="text-align:justify">Homologada por Consellería.</li>
<li style="text-align:justify">Número de alumnos según la ratio legal.</li>
<li style="text-align:justify">Espacios que mejoran la normativa de habitabilidad.</li>
<li style="text-align:justify">Luz y ventilación natural en todas las aulas.</li>
<li style="text-align:justify">Aulas con tarima flotante, en las que nuestros alumnos se desplazan&nbsp;sin zapatos.</li>
<li style="text-align:justify">Educación plurilingüe: Valencià, Castellano e Inglés.</li>
<li style="text-align:justify">Docentes titulados y con la acreditación de competencias en Inglés, además de la capacitación en Valencià.</li>
<li style="text-align:justify">Zona de aparcamiento.</li>
<li style="text-align:justify">Aula de psicomotricidad.</li>
<li style="text-align:justify">Aula de nuevas tecnologías.</li>
<li style="text-align:justify">Pistas y zonas al aire libre cercanas al medio natural.</li>
<li style="text-align:justify">Huerto Escolar.</li>
<li style="text-align:justify">Servicio de comedor con cocina propia y adaptado a las diferentes necesidades.</li>
<li style="text-align:justify">Servicio de Psicología infantil.</li>
</ul>

<p>Aquello que nos diferencia es aquello que nos hace únicos, y por lo que cada vez más familias confían la educación de sus hijos a nuestras maestras. Homologada por Consellería. Número de alumnos según la ratio legal. Espacios que mejoran la normativa de habitabilidad. Luz y ventilación natural en todas las aulas. Aulas con tarima&#8230; </p>
<div class="link-more"><a href="https://www.santaanaalcoi.es/?page_id=186">Lea más</a></div>
