{"id":1419,"date":"2017-02-22T09:43:08","date_gmt":"2017-02-22T09:43:08","guid":{"rendered":"https:\/\/santaanaalcoiweb.wordpress.com\/?page_id=1419"},"modified":"2025-09-03T14:40:51","modified_gmt":"2025-09-03T12:40:51","slug":"escuela-cantera","status":"publish","type":"page","link":"https:\/\/www.santaanaalcoi.es\/?page_id=1419","title":{"rendered":"Celebraciones"},"content":{"rendered":"\n<p><a href=\"https:\/\/santaanaalcoi.es\/wp-content\/uploads\/2023\/10\/inicio-de-curso.pdf\">Celebraci\u00f3n Inicio de Curso<\/a><\/p>\n\n\n\n<p><a href=\"https:\/\/santaanaalcoi.es\/wp-content\/uploads\/2024\/01\/img_6707.jpg\">Celebraci\u00f3n Adviento<\/a><\/p>\n\n\n\n<p><a href=\"https:\/\/santaanaalcoi.es\/wp-content\/uploads\/2024\/01\/img_6714.jpg\">Sant Antoni<\/a><\/p>\n\n\n\n<p><a href=\"https:\/\/santaanaalcoi.es\/wp-content\/uploads\/2024\/02\/ceniza.pdf\">Mi\u00e9rcoles de Ceniza<\/a><\/p>\n\n\n\n<p><a href=\"https:\/\/santaanaalcoi.es\/wp-content\/uploads\/2024\/04\/img_7531.jpg\">Bendici\u00f3n de las Monas de Pascua<\/a><\/p>\n\n\n","protected":false},"excerpt":{"rendered":"<p>Celebraci\u00f3n Inicio de Curso Celebraci\u00f3n Adviento Sant Antoni Mi\u00e9rcoles de Ceniza Bendici\u00f3n de las Monas de Pascua<\/p>\n","protected":false},"author":3,"featured_media":2989,"parent":0,"menu_order":0,"comment_status":"closed","ping_status":"closed","template":"","meta":{"footnotes":""},"class_list":["post-1419","page","type-page","status-publish","has-post-thumbnail","hentry"],"jetpack_sharing_enabled":true,"_links":{"self":[{"href":"https:\/\/www.santaanaalcoi.es\/index.php?rest_route=\/wp\/v2\/pages\/1419","targetHints":{"allow":["GET"]}}],"collection":[{"href":"https:\/\/www.santaanaalcoi.es\/index.php?rest_route=\/wp\/v2\/pages"}],"about":[{"href":"https:\/\/www.santaanaalcoi.es\/index.php?rest_route=\/wp\/v2\/types\/page"}],"author":[{"embeddable":true,"href":"https:\/\/www.santaanaalcoi.es\/index.php?rest_route=\/wp\/v2\/users\/3"}],"replies":[{"embeddable":true,"href":"https:\/\/www.santaanaalcoi.es\/index.php?rest_route=%2Fwp%2Fv2%2Fcomments&post=1419"}],"version-history":[{"count":2,"href":"https:\/\/www.santaanaalcoi.es\/index.php?rest_route=\/wp\/v2\/pages\/1419\/revisions"}],"predecessor-version":[{"id":4651,"href":"https:\/\/www.santaanaalcoi.es\/index.php?rest_route=\/wp\/v2\/pages\/1419\/revisions\/4651"}],"wp:featuredmedia":[{"embeddable":true,"href":"https:\/\/www.santaanaalcoi.es\/index.php?rest_route=\/wp\/v2\/media\/2989"}],"wp:attachment":[{"href":"https:\/\/www.santaanaalcoi.es\/index.php?rest_route=%2Fwp%2Fv2%2Fmedia&parent=1419"}],"curies":[{"name":"wp","href":"https:\/\/api.w.org\/{rel}","templated":true}]}}

<p><a href="https://santaanaalcoi.es/wp-content/uploads/2023/10/inicio-de-curso.pdf">Celebración Inicio de Curso</a></p>



<p><a href="https://santaanaalcoi.es/wp-content/uploads/2024/01/img_6707.jpg">Celebración Adviento</a></p>



<p><a href="https://santaanaalcoi.es/wp-content/uploads/2024/01/img_6714.jpg">Sant Antoni</a></p>



<p><a href="https://santaanaalcoi.es/wp-content/uploads/2024/02/ceniza.pdf">Miércoles de Ceniza</a></p>



<p><a href="https://santaanaalcoi.es/wp-content/uploads/2024/04/img_7531.jpg">Bendición de las Monas de Pascua</a></p>

<p>Celebración Inicio de Curso Celebración Adviento Sant Antoni Miércoles de Ceniza Bendición de las Monas de Pascua</p>
