{"id":1329,"date":"2017-02-07T12:27:25","date_gmt":"2017-02-07T12:27:25","guid":{"rendered":"https:\/\/santaanaalcoiweb.wordpress.com\/?page_id=1329"},"modified":"2025-10-29T18:39:28","modified_gmt":"2025-10-29T17:39:28","slug":"e-sports","status":"publish","type":"page","link":"https:\/\/www.santaanaalcoi.es\/?page_id=1329","title":{"rendered":"Erasmus +"},"content":{"rendered":"\n<p>Erasmus+ es el programa de la Uni\u00f3n Europea que ofrece&nbsp;<strong>oportunidades para todas las personas, en todos sus \u00e1mbitos y sectores educativos<\/strong>. <\/p>\n\n\n\n<p>Su objetivo es promocionar la&nbsp;<strong>movilidad educativa<\/strong>&nbsp;de las personas y los colectivos, tanto del alumnado como del personal, as\u00ed como la&nbsp;<strong>cooperaci\u00f3n<\/strong>, la calidad, la inclusi\u00f3n y la equidad, la excelencia, la creatividad y la innovaci\u00f3n a nivel de las organizaciones y las pol\u00edticas a trav\u00e9s del aprendizaje permanente, el desarrollo educativo, profesional y personal de las personas en los \u00e1mbitos de la educaci\u00f3n y la formaci\u00f3n, la juventud y el deporte, dentro de Europa y fuera de su territorio, contribuyendo as\u00ed al crecimiento sostenible, al empleo de calidad y a la cohesi\u00f3n social, adem\u00e1s de a impulsar la innovaci\u00f3n y&nbsp;<strong>fortalecer la identidad europea, la ciudadan\u00eda activa y la participaci\u00f3n en la vida democr\u00e1tica<\/strong>.<\/p>\n\n\n\n<p><strong>NUESTROS PROYECTOS: <\/strong><\/p>\n\n\n\n<p><strong><a href=\"https:\/\/www.santaanaalcoi.es\/wp-content\/uploads\/2025\/10\/Infografia-Fases-del-Proyecto-Scrapbook-Beige.pdf\">RECYCLE FOR A BETTER FUTURE <\/a><\/strong><\/p>\n\n\n\n<p><a href=\"https:\/\/www.santaanaalcoi.es\/wp-content\/uploads\/2025\/10\/PROYECTO-HEROES.pdf\"><strong>HEROES<\/strong><\/a><\/p>\n\n\n\n<p><\/p>\n","protected":false},"excerpt":{"rendered":"<p>Erasmus+ es el programa de la Uni\u00f3n Europea que ofrece&nbsp;oportunidades para todas las personas, en todos sus \u00e1mbitos y sectores educativos. Su objetivo es promocionar la&nbsp;movilidad educativa&nbsp;de las personas y los colectivos, tanto del alumnado como del personal, as\u00ed como la&nbsp;cooperaci\u00f3n, la calidad, la inclusi\u00f3n y la equidad, la excelencia, la creatividad y la innovaci\u00f3n&#8230; <\/p>\n<div class=\"link-more\"><a href=\"https:\/\/www.santaanaalcoi.es\/?page_id=1329\">Lea m\u00e1s<\/a><\/div>\n","protected":false},"author":3,"featured_media":3486,"parent":0,"menu_order":0,"comment_status":"closed","ping_status":"closed","template":"","meta":{"footnotes":""},"class_list":["post-1329","page","type-page","status-publish","has-post-thumbnail","hentry"],"jetpack_sharing_enabled":true,"_links":{"self":[{"href":"https:\/\/www.santaanaalcoi.es\/index.php?rest_route=\/wp\/v2\/pages\/1329","targetHints":{"allow":["GET"]}}],"collection":[{"href":"https:\/\/www.santaanaalcoi.es\/index.php?rest_route=\/wp\/v2\/pages"}],"about":[{"href":"https:\/\/www.santaanaalcoi.es\/index.php?rest_route=\/wp\/v2\/types\/page"}],"author":[{"embeddable":true,"href":"https:\/\/www.santaanaalcoi.es\/index.php?rest_route=\/wp\/v2\/users\/3"}],"replies":[{"embeddable":true,"href":"https:\/\/www.santaanaalcoi.es\/index.php?rest_route=%2Fwp%2Fv2%2Fcomments&post=1329"}],"version-history":[{"count":4,"href":"https:\/\/www.santaanaalcoi.es\/index.php?rest_route=\/wp\/v2\/pages\/1329\/revisions"}],"predecessor-version":[{"id":4775,"href":"https:\/\/www.santaanaalcoi.es\/index.php?rest_route=\/wp\/v2\/pages\/1329\/revisions\/4775"}],"wp:featuredmedia":[{"embeddable":true,"href":"https:\/\/www.santaanaalcoi.es\/index.php?rest_route=\/wp\/v2\/media\/3486"}],"wp:attachment":[{"href":"https:\/\/www.santaanaalcoi.es\/index.php?rest_route=%2Fwp%2Fv2%2Fmedia&parent=1329"}],"curies":[{"name":"wp","href":"https:\/\/api.w.org\/{rel}","templated":true}]}}

<p>Erasmus+ es el programa de la Unión Europea que ofrece&nbsp;<strong>oportunidades para todas las personas, en todos sus ámbitos y sectores educativos</strong>. </p>



<p>Su objetivo es promocionar la&nbsp;<strong>movilidad educativa</strong>&nbsp;de las personas y los colectivos, tanto del alumnado como del personal, así como la&nbsp;<strong>cooperación</strong>, la calidad, la inclusión y la equidad, la excelencia, la creatividad y la innovación a nivel de las organizaciones y las políticas a través del aprendizaje permanente, el desarrollo educativo, profesional y personal de las personas en los ámbitos de la educación y la formación, la juventud y el deporte, dentro de Europa y fuera de su territorio, contribuyendo así al crecimiento sostenible, al empleo de calidad y a la cohesión social, además de a impulsar la innovación y&nbsp;<strong>fortalecer la identidad europea, la ciudadanía activa y la participación en la vida democrática</strong>.</p>



<p><strong>NUESTROS PROYECTOS: </strong></p>



<p><strong><a href="https://www.santaanaalcoi.es/wp-content/uploads/2025/10/Infografia-Fases-del-Proyecto-Scrapbook-Beige.pdf">RECYCLE FOR A BETTER FUTURE </a></strong></p>



<p><a href="https://www.santaanaalcoi.es/wp-content/uploads/2025/10/PROYECTO-HEROES.pdf"><strong>HEROES</strong></a></p>



<p></p>

<p>Erasmus+ es el programa de la Unión Europea que ofrece&nbsp;oportunidades para todas las personas, en todos sus ámbitos y sectores educativos. Su objetivo es promocionar la&nbsp;movilidad educativa&nbsp;de las personas y los colectivos, tanto del alumnado como del personal, así como la&nbsp;cooperación, la calidad, la inclusión y la equidad, la excelencia, la creatividad y la innovación&#8230; </p>
<div class="link-more"><a href="https://www.santaanaalcoi.es/?page_id=1329">Lea más</a></div>
