{"id":107,"date":"2016-06-24T15:05:27","date_gmt":"2016-06-24T15:05:27","guid":{"rendered":"https:\/\/santaanaalcoiweb.wordpress.com\/?page_id=107"},"modified":"2016-06-24T15:05:27","modified_gmt":"2016-06-24T15:05:27","slug":"contacto","status":"publish","type":"page","link":"https:\/\/www.santaanaalcoi.es\/?page_id=107","title":{"rendered":"Contacto"},"content":{"rendered":"<p>Si ten\u00e9is alg\u00fan problema o duda, nos pod\u00e9is escribir un mail a <a href=\"mailto:ampa@santaanaalcoi.com\" target=\"_blank\">ampa@santaanaalcoi.com<\/a>, o bien rellenar este formulario, y os contestaremos a la mayor brevedad posible.<\/p>\n<div data-test='contact-form' id='contact-form-107' class='wp-block-jetpack-contact-form-container '>\n<form action='https:\/\/www.santaanaalcoi.es\/?page_id=107#contact-form-107' method='post' class='contact-form commentsblock' aria-label=\"Contacto\" novalidate>\n\n<div style=\"\" class='grunion-field-name-wrap grunion-field-wrap'  >\n<label\n\t\t\t\tfor='g107-nombreyapellidos'\n\t\t\t\tclass='grunion-field-label name'>Nombre y Apellidos<span class=\"grunion-label-required\" aria-hidden=\"true\">(obligatorio)<\/span><\/label>\n<input\n\t\t\t\t\ttype='text'\n\t\t\t\t\tname='g107-nombreyapellidos'\n\t\t\t\t\tid='g107-nombreyapellidos'\n\t\t\t\t\tvalue=''\n\t\t\t\t\tclass='name  grunion-field' \n\t\t\t\t\trequired aria-required='true' \/>\n\t<\/div>\n\n<div style=\"\" class='grunion-field-email-wrap grunion-field-wrap'  >\n<label\n\t\t\t\tfor='g107-email'\n\t\t\t\tclass='grunion-field-label email'>Email<span class=\"grunion-label-required\" aria-hidden=\"true\">(obligatorio)<\/span><\/label>\n<input\n\t\t\t\t\ttype='email'\n\t\t\t\t\tname='g107-email'\n\t\t\t\t\tid='g107-email'\n\t\t\t\t\tvalue=''\n\t\t\t\t\tclass='email  grunion-field' \n\t\t\t\t\trequired aria-required='true' \/>\n\t<\/div>\n\n<div style=\"\" class='grunion-field-textarea-wrap grunion-field-wrap'  >\n<label\n\t\t\t\tfor='contact-form-comment-g107-comentario'\n\t\t\t\tclass='grunion-field-label textarea'>Comentario<span class=\"grunion-label-required\" aria-hidden=\"true\">(obligatorio)<\/span><\/label>\n<textarea\n\t\t                style=''\n\t\t                name='g107-comentario'\n\t\t                id='contact-form-comment-g107-comentario'\n\t\t                rows='20' class='textarea  grunion-field'  required aria-required='true'><\/textarea>\n\t<\/div>\n\t<p class='contact-submit'>\n\t\t<button type='submit' class='pushbutton-wide'>Enviar<\/button>\t\t<input type='hidden' name='contact-form-id' value='107' \/>\n\t\t<input type='hidden' name='action' value='grunion-contact-form' \/>\n\t\t<input type='hidden' name='contact-form-hash' value='9f6b62aa1dfc3a9166588cbdf6a69f30ccd3d90a' \/>\n\t<\/p>\n<\/form>\n<\/div>\n","protected":false},"excerpt":{"rendered":"<p>Si ten\u00e9is alg\u00fan problema o duda, nos pod\u00e9is escribir un mail a ampa@santaanaalcoi.com, o bien rellenar este formulario, y os contestaremos a la mayor brevedad posible.<\/p>\n","protected":false},"author":3,"featured_media":2654,"parent":28,"menu_order":0,"comment_status":"closed","ping_status":"closed","template":"","meta":{"footnotes":""},"class_list":["post-107","page","type-page","status-publish","has-post-thumbnail","hentry"],"jetpack_sharing_enabled":false,"_links":{"self":[{"href":"https:\/\/www.santaanaalcoi.es\/index.php?rest_route=\/wp\/v2\/pages\/107","targetHints":{"allow":["GET"]}}],"collection":[{"href":"https:\/\/www.santaanaalcoi.es\/index.php?rest_route=\/wp\/v2\/pages"}],"about":[{"href":"https:\/\/www.santaanaalcoi.es\/index.php?rest_route=\/wp\/v2\/types\/page"}],"author":[{"embeddable":true,"href":"https:\/\/www.santaanaalcoi.es\/index.php?rest_route=\/wp\/v2\/users\/3"}],"replies":[{"embeddable":true,"href":"https:\/\/www.santaanaalcoi.es\/index.php?rest_route=%2Fwp%2Fv2%2Fcomments&post=107"}],"version-history":[{"count":0,"href":"https:\/\/www.santaanaalcoi.es\/index.php?rest_route=\/wp\/v2\/pages\/107\/revisions"}],"up":[{"embeddable":true,"href":"https:\/\/www.santaanaalcoi.es\/index.php?rest_route=\/wp\/v2\/pages\/28"}],"wp:featuredmedia":[{"embeddable":true,"href":"https:\/\/www.santaanaalcoi.es\/index.php?rest_route=\/wp\/v2\/media\/2654"}],"wp:attachment":[{"href":"https:\/\/www.santaanaalcoi.es\/index.php?rest_route=%2Fwp%2Fv2%2Fmedia&parent=107"}],"curies":[{"name":"wp","href":"https:\/\/api.w.org\/{rel}","templated":true}]}}